{"id":178,"date":"2020-06-23T19:54:19","date_gmt":"2020-06-23T19:54:19","guid":{"rendered":"http:\/\/carraro.serverside.es\/?page_id=178"},"modified":"2020-09-28T19:20:05","modified_gmt":"2020-09-28T19:20:05","slug":"entrevistas","status":"publish","type":"page","link":"https:\/\/fundacioncarraro.org\/?page_id=178","title":{"rendered":"Entrevistas"},"content":{"rendered":"\t\t<div data-elementor-type=\"wp-page\" data-elementor-id=\"178\" class=\"elementor elementor-178\" data-elementor-post-type=\"page\">\n\t\t\t\t\t\t<section class=\"elementor-section elementor-top-section elementor-element elementor-element-af1622a elementor-section-boxed elementor-section-height-default elementor-section-height-default\" data-id=\"af1622a\" data-element_type=\"section\">\n\t\t\t\t\t\t<div class=\"elementor-container elementor-column-gap-default\">\n\t\t\t\t\t<div class=\"elementor-column elementor-col-100 elementor-top-column elementor-element elementor-element-88d7512\" data-id=\"88d7512\" data-element_type=\"column\">\n\t\t\t<div class=\"elementor-widget-wrap elementor-element-populated\">\n\t\t\t\t\t\t<div class=\"elementor-element elementor-element-ea5af3e elementor-widget elementor-widget-spacer\" data-id=\"ea5af3e\" data-element_type=\"widget\" data-widget_type=\"spacer.default\">\n\t\t\t\t<div class=\"elementor-widget-container\">\n\t\t\t\t\t<div class=\"elementor-spacer\">\n\t\t\t<div class=\"elementor-spacer-inner\"><\/div>\n\t\t<\/div>\n\t\t\t\t<\/div>\n\t\t\t\t<\/div>\n\t\t\t\t\t<\/div>\n\t\t<\/div>\n\t\t\t\t\t<\/div>\n\t\t<\/section>\n\t\t\t\t<section class=\"elementor-section elementor-top-section elementor-element elementor-element-fde62fa elementor-section-boxed elementor-section-height-default elementor-section-height-default\" data-id=\"fde62fa\" data-element_type=\"section\">\n\t\t\t\t\t\t<div class=\"elementor-container elementor-column-gap-default\">\n\t\t\t\t\t<div class=\"elementor-column elementor-col-100 elementor-top-column elementor-element elementor-element-702dd76\" data-id=\"702dd76\" data-element_type=\"column\">\n\t\t\t<div class=\"elementor-widget-wrap elementor-element-populated\">\n\t\t\t\t\t\t<div class=\"elementor-element elementor-element-37aeb57 elementor-widget elementor-widget-heading\" data-id=\"37aeb57\" data-element_type=\"widget\" data-widget_type=\"heading.default\">\n\t\t\t\t<div class=\"elementor-widget-container\">\n\t\t\t<h2 class=\"elementor-heading-title elementor-size-default\">ENTREVISTAS<\/h2>\t\t<\/div>\n\t\t\t\t<\/div>\n\t\t\t\t\t<\/div>\n\t\t<\/div>\n\t\t\t\t\t<\/div>\n\t\t<\/section>\n\t\t\t\t<section class=\"elementor-section elementor-top-section elementor-element elementor-element-34848ba4 elementor-section-boxed elementor-section-height-default elementor-section-height-default\" data-id=\"34848ba4\" data-element_type=\"section\">\n\t\t\t\t\t\t<div class=\"elementor-container elementor-column-gap-default\">\n\t\t\t\t\t<div class=\"elementor-column elementor-col-100 elementor-top-column elementor-element elementor-element-272daf8a\" data-id=\"272daf8a\" data-element_type=\"column\">\n\t\t\t<div class=\"elementor-widget-wrap elementor-element-populated\">\n\t\t\t\t\t\t<div class=\"elementor-element elementor-element-1bc3ff89 elementor-widget elementor-widget-text-editor\" data-id=\"1bc3ff89\" data-element_type=\"widget\" data-widget_type=\"text-editor.default\">\n\t\t\t\t<div class=\"elementor-widget-container\">\n\t\t\t\t\t\t\t<p><strong><br \/><img decoding=\"async\" class=\" wp-image-261 alignleft\" src=\"http:\/\/fundacioncarraro.org\/wp-content\/uploads\/2020\/07\/01.png\" alt=\"\" width=\"140\" height=\"132\" \/><br \/>ENTREVISTA DEL MES DE ABRIL 2011<br \/>Entrevista Dra. Xiomara Gimenez<\/strong><br \/>Presidenta de la Federaci\u00f3n Iberopanamericana de Periodoncia<br \/><strong><a href=\"http:\/\/fundacioncarraro.org\/?page_id=472\" target=\"_blank\" rel=\"noopener\">ver &gt;<\/a><br \/><br \/><\/strong><\/p><hr \/><p><strong><br \/><img decoding=\"async\" class=\"wp-image-262 alignleft\" src=\"http:\/\/fundacioncarraro.org\/wp-content\/uploads\/2020\/07\/02.png\" alt=\"\" width=\"140\" height=\"132\" \/><br \/>ENTREVISTA DEL MES DE ABRIL 2010<\/strong><br \/><strong>Entrevista Prof. Dr. Nelson Carranza<\/strong><br \/>Entrevista Profesor Titular de la C\u00e1tedra de Periodoncia de la Facultad de Odontolog\u00eda de la U.B.A.<br \/><strong><a href=\"http:\/\/fundacioncarraro.org\/?page_id=477\" target=\"_blank\" rel=\"noopener\">ver &gt;<\/a><br \/><br \/><\/strong><\/p><hr \/><p><strong><br \/><img decoding=\"async\" class=\" wp-image-263 alignleft\" src=\"http:\/\/fundacioncarraro.org\/wp-content\/uploads\/2020\/07\/03.png\" alt=\"\" width=\"140\" height=\"132\" \/><br \/>ENTREVISTA DEL MES DE OCTUBRE 2009<br \/>Entrevista Dr. Prof. Luis A. Bueno Rossy<\/strong><br \/>Profesor Titular de la C\u00e1tedra de Periodoncia de la Universidad de la Rep\u00fablica Oriental del Uruguay.<br \/><strong><a href=\"http:\/\/fundacioncarraro.org\/?page_id=484\" target=\"_blank\" rel=\"noopener\">ver &gt;<\/a><br \/><br \/><\/strong><\/p><hr \/><p><strong><br \/><img loading=\"lazy\" decoding=\"async\" class=\" wp-image-264 alignleft\" src=\"http:\/\/fundacioncarraro.org\/wp-content\/uploads\/2020\/07\/04.png\" alt=\"\" width=\"140\" height=\"132\" \/><br \/>ENTREVISTA DEL MES DE ABRIL 2008<\/strong><br \/><strong>Entrevista Prof. Dr. Edgardo R. Caride<\/strong><br \/>Profesor Titular de la C\u00e1tedra de Periodoncia de la Universidad Nacional de La Plata.<br \/><strong><a href=\"http:\/\/fundacioncarraro.org\/?page_id=490\" target=\"_blank\" rel=\"noopener\">ver &gt;<\/a><br \/><br \/><\/strong><\/p><hr \/><p><strong><br \/><br \/><\/strong><strong><img loading=\"lazy\" decoding=\"async\" class=\" wp-image-266 alignleft\" src=\"http:\/\/fundacioncarraro.org\/wp-content\/uploads\/2020\/07\/06.png\" alt=\"\" width=\"140\" height=\"132\" \/>ENTREVISTA DEL MES DE ABRIL 2007<br \/>Dra. Raquel Miodowky<\/strong><br \/>Presidente de la Sociedad Argentina de Periodoncia &#8211; Adjunta de la C\u00e1tedra de Periodoncia de la Facultad de Odontolog\u00ed\u00ada de la Ciudad de Buenos Aires &#8211; Docente del curso de Implantolog\u00ed\u00ada del postgrado de la Facultad de Odontolog\u00ed\u00ada de la Ciudad de Buenos Aires a cargo del Dr. Jean Paul Martinet<br \/><strong><a href=\"http:\/\/fundacioncarraro.org\/?page_id=502\" target=\"_blank\" rel=\"noopener\">ver &gt;<\/a><br \/><br \/><\/strong><\/p><hr \/><p><strong><br \/><img loading=\"lazy\" decoding=\"async\" class=\" wp-image-265 alignleft\" src=\"http:\/\/fundacioncarraro.org\/wp-content\/uploads\/2020\/07\/05.png\" alt=\"\" width=\"140\" height=\"132\" \/>ENTREVISTA DEL MES DE ABRIL 2007<\/strong><br \/><strong>Entrevista Prof. Dr. Ernesto Canga<\/strong><br \/>Profesor Titular de la C\u00e1tedra de Periodoncia de la Facultad de Odontolog\u00eda de la UNNE. Presidente de la Sociedad Correntina de Periodoncia. Integrante del Comit\u00e9 editorial de la Revista de la Facultad de Odontolog\u00eda de la UBA. Demostrador oficial del C\u00edrculo odontol\u00f3gico Correntino. Dictante de cursos de la especialidad Periodoncia de corta y larga duraci\u00f3n a nivel Nacional e Internacional. Fellow del College international of dentistry Ex Decano de la facultad de Odontolog\u00eda de la UNNE Ex Presiente de A.F.O.R.A ( Asociaci\u00f3n de Facultades de Odontolog\u00eda de la Rep\u00fablica Argentina) Ex Presiente del Circulo Odontol\u00f3gico Correntino<br \/><strong><a href=\"http:\/\/fundacioncarraro.org\/?page_id=497\" target=\"_blank\" rel=\"noopener\">ver &gt;<\/a><br \/><br \/><\/strong><\/p><hr \/><p>\u00a0<\/p><p><strong><img loading=\"lazy\" decoding=\"async\" class=\" wp-image-267 alignleft\" src=\"http:\/\/fundacioncarraro.org\/wp-content\/uploads\/2020\/07\/07.png\" alt=\"\" width=\"140\" height=\"132\" \/><br \/>ENTREVISTA DEL MES DE AGOSTO 2006<\/strong><br \/><strong>Dra. Judith Esquenasi<\/strong><br \/>Profesora Adjunta Titular encargada de la C\u00e1tedra de Periodoncia de la Facultad de Odontolog\u00eda de la Universidad de la Rep\u00fablica Oriental del Uruguay<br \/><strong><a href=\"http:\/\/fundacioncarraro.org\/?page_id=510\" target=\"_blank\" rel=\"noopener\">ver &gt;<\/a><br \/><br \/><\/strong><\/p><hr \/><p>\u00a0<\/p><p><strong><img loading=\"lazy\" decoding=\"async\" class=\" wp-image-268 alignleft\" src=\"http:\/\/fundacioncarraro.org\/wp-content\/uploads\/2020\/07\/08.png\" alt=\"\" width=\"140\" height=\"132\" \/><br \/>ENTREVISTA DEL MES DE ABRIL 2006<\/strong><br \/><strong>Dr. German Gallucci<\/strong><br \/>Prof. Asist. en el Depto. de Odontolog\u00eda Restauradora y Materiales Dentales de la Escuela de Medicina Dental, Universidad de Harvard (Boston, USA).<br \/><strong><a href=\"http:\/\/fundacioncarraro.org\/?page_id=514\" target=\"_blank\" rel=\"noopener\">ver &gt;<\/a><br \/><br \/><\/strong><\/p><hr \/><p>\u00a0<\/p><p><strong><img loading=\"lazy\" decoding=\"async\" class=\"wp-image-269 alignleft\" src=\"http:\/\/fundacioncarraro.org\/wp-content\/uploads\/2020\/07\/09.png\" alt=\"\" width=\"140\" height=\"132\" \/><br \/>ENTREVISTA DEL MES DE DICIEMBRE<\/strong><br \/><strong>Prof. Dr. Jos\u00e9 Angel Loi<\/strong><br \/>Especialista en Periodoncia<br \/>Profesor Titular Regular C\u00e1tedra de Periodoncia FOUNT<br \/><strong><a href=\"http:\/\/fundacioncarraro.org\/?page_id=520\" target=\"_blank\" rel=\"noopener\">ver &gt;<\/a><br \/><br \/><\/strong><\/p><hr \/><p>\u00a0<\/p><p><strong><img loading=\"lazy\" decoding=\"async\" class=\"wp-image-270 alignleft\" src=\"http:\/\/fundacioncarraro.org\/wp-content\/uploads\/2020\/07\/10.png\" alt=\"\" width=\"139\" height=\"131\" \/><br \/>ENTREVISTA DEL MES DE JUNIO<\/strong><br \/><strong>Dr. Miguel De la Fuente \u00c1vila<\/strong><br \/>Actual Presidente de la Sociedad de Periodoncia de Chile desde junio del 2004.<br \/><strong><a href=\"http:\/\/fundacioncarraro.org\/?page_id=526\" target=\"_blank\" rel=\"noopener\">ver &gt;<\/a><\/strong><\/p><p>\u00a0<\/p><hr \/><p>\u00a0<\/p><p><strong><img loading=\"lazy\" decoding=\"async\" class=\" wp-image-271 alignleft\" src=\"http:\/\/fundacioncarraro.org\/wp-content\/uploads\/2020\/07\/11.png\" alt=\"\" width=\"140\" height=\"132\" \/><br \/>ENTREVISTA DEL MES DE ENERO<\/strong><br \/><strong>Prof. Dr. Carlos Alonso<\/strong><br \/>Especialista en Periodoncia<br \/>Ex profesor titular de la C\u00e1tedra de Periodoncia de la FOUBA.<br \/><strong><a href=\"http:\/\/fundacioncarraro.org\/?page_id=531\" target=\"_blank\" rel=\"noopener\">ver &gt;<\/a><br \/><br \/><\/strong><\/p><hr \/><p>\u00a0<\/p><p><strong><img loading=\"lazy\" decoding=\"async\" class=\" wp-image-272 alignleft\" src=\"http:\/\/fundacioncarraro.org\/wp-content\/uploads\/2020\/07\/12.png\" alt=\"\" width=\"140\" height=\"132\" \/>ENTREVISTA DEL MES DE OCTUBRE<\/strong><br \/><strong>Prof. Dr. Heriberto Lavandeira<\/strong><br \/>Profesor Asociado de la C\u00e1tedra de Periodoncia de la Escuela de Odontolog\u00eda USAL\/AOA.<br \/>Ex Profesor Adjunto de la C\u00e1tedra de Periodoncia de la F.O.U.B.A<br \/>Director del Departamento de Docencia e Investigaci\u00f3n de la Asociaci\u00f3n Odontol\u00f3gica Argentina.<br \/><strong><a href=\"http:\/\/fundacioncarraro.org\/?page_id=537\" target=\"_blank\" rel=\"noopener\">ver &gt;<\/a><br \/><br \/><\/strong><\/p><hr \/><p>\u00a0<\/p><p><strong><img loading=\"lazy\" decoding=\"async\" class=\" wp-image-273 alignleft\" src=\"http:\/\/fundacioncarraro.org\/wp-content\/uploads\/2020\/07\/13.png\" alt=\"\" width=\"140\" height=\"132\" \/><br \/>ENTREVISTA DEL MES DE SEPTIEMBRE<\/strong><br \/><strong>Prof. Dr. Carlos Salle Lorier<\/strong><br \/>Titular de la C\u00e1tedra de Periodoncia de la Facultad de Odontolog\u00eda de Uruguay<br \/><strong><a href=\"http:\/\/fundacioncarraro.org\/?page_id=542\" target=\"_blank\" rel=\"noopener\">ver &gt;<\/a><br \/><\/strong><\/p><p>\u00a0<\/p><hr \/><p><strong><br \/><br \/><img loading=\"lazy\" decoding=\"async\" class=\" wp-image-274 alignleft\" src=\"http:\/\/fundacioncarraro.org\/wp-content\/uploads\/2020\/07\/14.png\" alt=\"\" width=\"140\" height=\"132\" \/>ENTREVISTA DEL MES DE JULIO<\/strong><br \/><strong>Dr. Jorge Aguilar<\/strong><br \/>Prof. Adj. De la C\u00e1tedra de Periodoncia de la USAL-AOA.<br \/>Director del departamento de implantes de la C\u00e1tedra de Periodoncia de la USAL-AOA. Presidente de la Sociedad Argentina de Periodontolog\u00eda<br \/><a href=\"http:\/\/fundacioncarraro.org\/?page_id=548\" target=\"_blank\" rel=\"noopener\"><strong>ver &gt;<\/strong><\/a><br \/><br \/><\/p><hr \/><p>\u00a0<\/p><p><strong><img loading=\"lazy\" decoding=\"async\" class=\" wp-image-275 alignleft\" src=\"http:\/\/fundacioncarraro.org\/wp-content\/uploads\/2020\/07\/15.png\" alt=\"\" width=\"140\" height=\"132\" \/>ENTREVISTA DEL MES DE MAYO<\/strong><br \/><strong>Prof. Dr. Osvaldo Costa<\/strong><br \/>Titular de la C\u00e1tedra de Periodoncia de la F.O.U.B.A<br \/>Ex Presidente de la SAP<br \/>Ex Presidente de la SAIO<br \/>Ex Director de Residencias Universitarias F.O.U.B.A.<br \/><strong><a href=\"http:\/\/fundacioncarraro.org\/?page_id=554\" target=\"_blank\" rel=\"noopener\">ver &gt;<\/a><\/strong><\/p>\t\t\t\t\t\t<\/div>\n\t\t\t\t<\/div>\n\t\t\t\t\t<\/div>\n\t\t<\/div>\n\t\t\t\t\t<\/div>\n\t\t<\/section>\n\t\t\t\t<\/div>\n\t\t","protected":false},"excerpt":{"rendered":"<p>ENTREVISTAS ENTREVISTA DEL MES DE ABRIL 2011Entrevista Dra. Xiomara GimenezPresidenta de la Federaci\u00f3n Iberopanamericana de Periodonciaver &gt; ENTREVISTA DEL MES DE ABRIL 2010Entrevista Prof. Dr. Nelson CarranzaEntrevista Profesor Titular de la C\u00e1tedra de Periodoncia de la Facultad de Odontolog\u00eda de la U.B.A.ver &gt; ENTREVISTA DEL MES DE OCTUBRE 2009Entrevista Dr. Prof. Luis A. Bueno RossyProfesor [&hellip;]<\/p>\n","protected":false},"author":1,"featured_media":0,"parent":0,"menu_order":0,"comment_status":"closed","ping_status":"closed","template":"","meta":{"footnotes":""},"class_list":["post-178","page","type-page","status-publish","hentry"],"_links":{"self":[{"href":"https:\/\/fundacioncarraro.org\/index.php?rest_route=\/wp\/v2\/pages\/178","targetHints":{"allow":["GET"]}}],"collection":[{"href":"https:\/\/fundacioncarraro.org\/index.php?rest_route=\/wp\/v2\/pages"}],"about":[{"href":"https:\/\/fundacioncarraro.org\/index.php?rest_route=\/wp\/v2\/types\/page"}],"author":[{"embeddable":true,"href":"https:\/\/fundacioncarraro.org\/index.php?rest_route=\/wp\/v2\/users\/1"}],"replies":[{"embeddable":true,"href":"https:\/\/fundacioncarraro.org\/index.php?rest_route=%2Fwp%2Fv2%2Fcomments&post=178"}],"version-history":[{"count":37,"href":"https:\/\/fundacioncarraro.org\/index.php?rest_route=\/wp\/v2\/pages\/178\/revisions"}],"predecessor-version":[{"id":1106,"href":"https:\/\/fundacioncarraro.org\/index.php?rest_route=\/wp\/v2\/pages\/178\/revisions\/1106"}],"wp:attachment":[{"href":"https:\/\/fundacioncarraro.org\/index.php?rest_route=%2Fwp%2Fv2%2Fmedia&parent=178"}],"curies":[{"name":"wp","href":"https:\/\/api.w.org\/{rel}","templated":true}]}}