{"id":484,"date":"2020-08-02T11:04:55","date_gmt":"2020-08-02T11:04:55","guid":{"rendered":"http:\/\/carraro.serverside.es\/?page_id=484"},"modified":"2020-09-28T19:12:22","modified_gmt":"2020-09-28T19:12:22","slug":"entrevista-dr-prof-luis-a-bueno-rossy","status":"publish","type":"page","link":"https:\/\/fundacioncarraro.org\/?page_id=484","title":{"rendered":"Entrevista Dr. Prof. Luis A. Bueno Rossy"},"content":{"rendered":"\t\t<div data-elementor-type=\"wp-page\" data-elementor-id=\"484\" class=\"elementor elementor-484\" data-elementor-post-type=\"page\">\n\t\t\t\t\t\t<section class=\"elementor-section elementor-top-section elementor-element elementor-element-7b0a1b1 elementor-section-boxed elementor-section-height-default elementor-section-height-default\" data-id=\"7b0a1b1\" data-element_type=\"section\">\n\t\t\t\t\t\t<div class=\"elementor-container elementor-column-gap-default\">\n\t\t\t\t\t<div class=\"elementor-column elementor-col-100 elementor-top-column elementor-element elementor-element-9935aa2\" data-id=\"9935aa2\" data-element_type=\"column\">\n\t\t\t<div class=\"elementor-widget-wrap elementor-element-populated\">\n\t\t\t\t\t\t<div class=\"elementor-element elementor-element-b6edbad elementor-widget elementor-widget-spacer\" data-id=\"b6edbad\" data-element_type=\"widget\" data-widget_type=\"spacer.default\">\n\t\t\t\t<div class=\"elementor-widget-container\">\n\t\t\t\t\t<div class=\"elementor-spacer\">\n\t\t\t<div class=\"elementor-spacer-inner\"><\/div>\n\t\t<\/div>\n\t\t\t\t<\/div>\n\t\t\t\t<\/div>\n\t\t\t\t\t<\/div>\n\t\t<\/div>\n\t\t\t\t\t<\/div>\n\t\t<\/section>\n\t\t\t\t<section class=\"elementor-section elementor-top-section elementor-element elementor-element-2768f74 elementor-section-boxed elementor-section-height-default elementor-section-height-default\" data-id=\"2768f74\" data-element_type=\"section\">\n\t\t\t\t\t\t<div class=\"elementor-container elementor-column-gap-default\">\n\t\t\t\t\t<div class=\"elementor-column elementor-col-100 elementor-top-column elementor-element elementor-element-5679b32\" data-id=\"5679b32\" data-element_type=\"column\">\n\t\t\t<div class=\"elementor-widget-wrap elementor-element-populated\">\n\t\t\t\t\t\t<div class=\"elementor-element elementor-element-aa198c5 elementor-widget elementor-widget-heading\" data-id=\"aa198c5\" data-element_type=\"widget\" data-widget_type=\"heading.default\">\n\t\t\t\t<div class=\"elementor-widget-container\">\n\t\t\t<h2 class=\"elementor-heading-title elementor-size-default\">ENTREVISTAS<\/h2>\t\t<\/div>\n\t\t\t\t<\/div>\n\t\t\t\t\t<\/div>\n\t\t<\/div>\n\t\t\t\t\t<\/div>\n\t\t<\/section>\n\t\t\t\t<section class=\"elementor-section elementor-top-section elementor-element elementor-element-985f3bc elementor-section-boxed elementor-section-height-default elementor-section-height-default\" data-id=\"985f3bc\" data-element_type=\"section\">\n\t\t\t\t\t\t<div class=\"elementor-container elementor-column-gap-default\">\n\t\t\t\t\t<div class=\"elementor-column elementor-col-100 elementor-top-column elementor-element elementor-element-876b996\" data-id=\"876b996\" data-element_type=\"column\">\n\t\t\t<div class=\"elementor-widget-wrap elementor-element-populated\">\n\t\t\t\t\t\t<div class=\"elementor-element elementor-element-bee8f72 elementor-widget elementor-widget-text-editor\" data-id=\"bee8f72\" data-element_type=\"widget\" data-widget_type=\"text-editor.default\">\n\t\t\t\t<div class=\"elementor-widget-container\">\n\t\t\t\t\t\t\t<p><strong><img decoding=\"async\" class=\"wp-image-263 alignleft\" src=\"http:\/\/fundacioncarraro.org\/wp-content\/uploads\/2020\/07\/03.png\" alt=\"\" width=\"152\" height=\"144\" \/>Dr. Prof. Luis A. Bueno Rossy<br \/><\/strong>Profesor Titular de la C\u00e1tedra de Periodoncia de la Universidad de la Rep\u00fablica Oriental del Uruguay.<\/p><p><em>\u00bfCu\u00e1ndo asume como Profesor Titular de Periodoncia de la Facultad de Odontolog\u00eda de la Universidad de la Rep\u00fablica Oriental del Uruguay?<\/em><\/p><p>En mayo de este a\u00f1o, a trav\u00e9s de concurso de pruebas y m\u00e9ritos con un tribunal nacional e internacional.<\/p><p><em>\u00bfC\u00f3mo cataloga a Latinoam\u00e9rica en cuanto a la formaci\u00f3n de periodoncistas?<\/em><\/p><p>Latinoam\u00e9rica es un t\u00e9rmino muy amplio, ser\u00eda muy injusto de mi parte si doy una respuesta general para Latinoam\u00e9rica, ya que considero que hay una disparidad enorme entre un pa\u00eds y otro.<br \/>Respondiendo a su pregunta me atrevo a confirmar que hay tres pa\u00edses que lideran la Periodoncia latinoamericana en cuanto a investigaci\u00f3n, Brasil, Chile y Colombia.<br \/>Ahora en cuanto a la formaci\u00f3n acad\u00e9mica considero que debemos sumar a Argentina como pa\u00eds formador de excelentes cl\u00ednicos.<br \/>Uruguay ha tenido muchas fluctuaciones a trav\u00e9s de la historia, como pa\u00eds peque\u00f1o, las repercusiones de los cambios pol\u00edticos y econ\u00f3micos han generado cambios educativos que no han favorecido una curva de crecimiento continuo en lo acad\u00e9mico, podemos recordar con mucho agrado a destacados profesionales en el \u00e1rea de periodoncia como a los Dres Jorge Mazzoni, Francisco Pucci, Iradier Moreira, Artemia Fuentes (en el \u00e1rea histol\u00f3gica) y m\u00e1s reciente la trayectoria cl\u00ednica del Dr. Gustavo Sales tan querido por los profesionales uruguayos.<br \/>En los \u00faltimos a\u00f1os el Prof. Dr. Carlos Salle tuvo la intenci\u00f3n de encaminar la C\u00e1tedra de Periodoncia y su relacionamiento internacional, especialmente dentro del Mercosur, lamentablemente el tiempo que estuvo a cargo hasta fallecer pudo solo forjar la idea y las ganas de comenzar.<\/p><p><em>\u00bfQu\u00e9 les recomendar\u00eda a profesionales j\u00f3venes que quieren formarse en periodoncia?<\/em><\/p><p>Una formaci\u00f3n b\u00e1sica seria en su pa\u00eds que le sirva de piedra fundamental para comenzar a trabajar, para posicionarse y luego relacionarse con los avances que se logran mundialmente actualiz\u00e1ndose continuamente e intercambiando conocimientos con profesionales de otros pa\u00edses.<br \/>Deben incluir en su formaci\u00f3n:<br \/>&#8211; revisi\u00f3n de la literatura<br \/>&#8211; manejo inform\u00e1tico<br \/>&#8211; conocimiento del idioma ingl\u00e9s<br \/>No olvidarse que estamos muy cerca de un generador de conocimientos muy importante, Brasil, por lo cual aprender portugu\u00e9s no tiene desperdicios.<br \/>Cuando se le otorg\u00f3 a la Revista J.J. Carraro el honor de publicar una revista exclusivamente con art\u00edculos de colegas brasile\u00f1os quedaron muy claras dos cosas:<br \/>&#8211; gran nivel acad\u00e9mico<br \/>&#8211; gran n\u00famero de trabajos de investigaci\u00f3n realizados.<\/p><p><em>\u00bfCu\u00e1l es la estrategia proyectada para su c\u00e1tedra?<\/em><\/p><p>Fuerte interrelacionamiento con c\u00e1tedras b\u00e1sicas y cl\u00ednicas en el grado y postgrado.<br \/>Seminarios de literatura semanales para docentes.<br \/>Reuniones mensuales con docentes de la UBA y el cuerpo docente de la c\u00e1tedra.<br \/>Manejo de teleconferencias con docentes de la Universidad Pasto, Colombia.<br \/>Formaci\u00f3n de Doctores en la Universidad Rio Grande do Sul, Brasil.<br \/>Especialidad codictada con docentes de la c\u00e1tedra, de otras c\u00e1tedras b\u00e1sicas y cl\u00ednicas, de otras Facultades de la UdelaR, y con invitados extranjeros en el \u00e1rea de periodoncia en l\u00edneas tem\u00e1ticas espec\u00edficas.<\/p><p><em>\u00bfA su criterio cu\u00e1l es el futuro de la periodoncia?<\/em><\/p><p>El camino que est\u00e1n siguiendo todas las especialidades odontol\u00f3gicas parece ser el mismo y esto apunta a aplicar todas las bases de prevenci\u00f3n de patolog\u00edas y dentro de este cap\u00edtulo figura el manejo de los factores de riesgo en los diferentes grupos.<br \/>Para ello es necesario contar con odont\u00f3logos generales con una clara formaci\u00f3n de grado en prevenci\u00f3n y diagn\u00f3stico.<br \/>Seguramente se avanzar\u00e1 en t\u00e9cnicas diagn\u00f3sticas y de pron\u00f3stico basadas en biolog\u00eda molecular ya que el genoma humano seguramente de respuesta a muchas preguntas de nuestra especialidad.<\/p>\t\t\t\t\t\t<\/div>\n\t\t\t\t<\/div>\n\t\t\t\t\t<\/div>\n\t\t<\/div>\n\t\t\t\t\t<\/div>\n\t\t<\/section>\n\t\t\t\t<\/div>\n\t\t","protected":false},"excerpt":{"rendered":"<p>ENTREVISTAS Dr. Prof. Luis A. Bueno RossyProfesor Titular de la C\u00e1tedra de Periodoncia de la Universidad de la Rep\u00fablica Oriental del Uruguay. \u00bfCu\u00e1ndo asume como Profesor Titular de Periodoncia de la Facultad de Odontolog\u00eda de la Universidad de la Rep\u00fablica Oriental del Uruguay? En mayo de este a\u00f1o, a trav\u00e9s de concurso de pruebas y [&hellip;]<\/p>\n","protected":false},"author":1,"featured_media":0,"parent":0,"menu_order":0,"comment_status":"closed","ping_status":"closed","template":"","meta":{"footnotes":""},"class_list":["post-484","page","type-page","status-publish","hentry"],"_links":{"self":[{"href":"https:\/\/fundacioncarraro.org\/index.php?rest_route=\/wp\/v2\/pages\/484","targetHints":{"allow":["GET"]}}],"collection":[{"href":"https:\/\/fundacioncarraro.org\/index.php?rest_route=\/wp\/v2\/pages"}],"about":[{"href":"https:\/\/fundacioncarraro.org\/index.php?rest_route=\/wp\/v2\/types\/page"}],"author":[{"embeddable":true,"href":"https:\/\/fundacioncarraro.org\/index.php?rest_route=\/wp\/v2\/users\/1"}],"replies":[{"embeddable":true,"href":"https:\/\/fundacioncarraro.org\/index.php?rest_route=%2Fwp%2Fv2%2Fcomments&post=484"}],"version-history":[{"count":6,"href":"https:\/\/fundacioncarraro.org\/index.php?rest_route=\/wp\/v2\/pages\/484\/revisions"}],"predecessor-version":[{"id":1093,"href":"https:\/\/fundacioncarraro.org\/index.php?rest_route=\/wp\/v2\/pages\/484\/revisions\/1093"}],"wp:attachment":[{"href":"https:\/\/fundacioncarraro.org\/index.php?rest_route=%2Fwp%2Fv2%2Fmedia&parent=484"}],"curies":[{"name":"wp","href":"https:\/\/api.w.org\/{rel}","templated":true}]}}