{"id":490,"date":"2020-08-02T11:15:30","date_gmt":"2020-08-02T11:15:30","guid":{"rendered":"http:\/\/carraro.serverside.es\/?page_id=490"},"modified":"2020-09-28T19:17:48","modified_gmt":"2020-09-28T19:17:48","slug":"entrevista-prof-dr-edgardo-r-caride","status":"publish","type":"page","link":"https:\/\/fundacioncarraro.org\/?page_id=490","title":{"rendered":"Entrevista Prof. Dr. Edgardo R. Caride"},"content":{"rendered":"\t\t<div data-elementor-type=\"wp-page\" data-elementor-id=\"490\" class=\"elementor elementor-490\" data-elementor-post-type=\"page\">\n\t\t\t\t\t\t<section class=\"elementor-section elementor-top-section elementor-element elementor-element-5f2e6d4 elementor-section-boxed elementor-section-height-default elementor-section-height-default\" data-id=\"5f2e6d4\" data-element_type=\"section\">\n\t\t\t\t\t\t<div class=\"elementor-container elementor-column-gap-default\">\n\t\t\t\t\t<div class=\"elementor-column elementor-col-100 elementor-top-column elementor-element elementor-element-081c1d8\" data-id=\"081c1d8\" data-element_type=\"column\">\n\t\t\t<div class=\"elementor-widget-wrap elementor-element-populated\">\n\t\t\t\t\t\t<div class=\"elementor-element elementor-element-010d6d3 elementor-widget elementor-widget-spacer\" data-id=\"010d6d3\" data-element_type=\"widget\" data-widget_type=\"spacer.default\">\n\t\t\t\t<div class=\"elementor-widget-container\">\n\t\t\t\t\t<div class=\"elementor-spacer\">\n\t\t\t<div class=\"elementor-spacer-inner\"><\/div>\n\t\t<\/div>\n\t\t\t\t<\/div>\n\t\t\t\t<\/div>\n\t\t\t\t\t<\/div>\n\t\t<\/div>\n\t\t\t\t\t<\/div>\n\t\t<\/section>\n\t\t\t\t<section class=\"elementor-section elementor-top-section elementor-element elementor-element-15d5e96 elementor-section-boxed elementor-section-height-default elementor-section-height-default\" data-id=\"15d5e96\" data-element_type=\"section\">\n\t\t\t\t\t\t<div class=\"elementor-container elementor-column-gap-default\">\n\t\t\t\t\t<div class=\"elementor-column elementor-col-100 elementor-top-column elementor-element elementor-element-fdbd905\" data-id=\"fdbd905\" data-element_type=\"column\">\n\t\t\t<div class=\"elementor-widget-wrap elementor-element-populated\">\n\t\t\t\t\t\t<div class=\"elementor-element elementor-element-64f8d13 elementor-widget elementor-widget-heading\" data-id=\"64f8d13\" data-element_type=\"widget\" data-widget_type=\"heading.default\">\n\t\t\t\t<div class=\"elementor-widget-container\">\n\t\t\t<h2 class=\"elementor-heading-title elementor-size-default\">ENTREVISTAS<\/h2>\t\t<\/div>\n\t\t\t\t<\/div>\n\t\t\t\t\t<\/div>\n\t\t<\/div>\n\t\t\t\t\t<\/div>\n\t\t<\/section>\n\t\t\t\t<section class=\"elementor-section elementor-top-section elementor-element elementor-element-7723f42 elementor-section-boxed elementor-section-height-default elementor-section-height-default\" data-id=\"7723f42\" data-element_type=\"section\">\n\t\t\t\t\t\t<div class=\"elementor-container elementor-column-gap-default\">\n\t\t\t\t\t<div class=\"elementor-column elementor-col-100 elementor-top-column elementor-element elementor-element-ee88c3f\" data-id=\"ee88c3f\" data-element_type=\"column\">\n\t\t\t<div class=\"elementor-widget-wrap elementor-element-populated\">\n\t\t\t\t\t\t<div class=\"elementor-element elementor-element-0240eed elementor-widget elementor-widget-text-editor\" data-id=\"0240eed\" data-element_type=\"widget\" data-widget_type=\"text-editor.default\">\n\t\t\t\t<div class=\"elementor-widget-container\">\n\t\t\t\t\t\t\t<p><b><img decoding=\"async\" class=\"wp-image-264  alignleft\" src=\"http:\/\/fundacioncarraro.org\/wp-content\/uploads\/2020\/07\/04.png\" alt=\"\" width=\"152\" height=\"144\" \/><\/b><\/p><p><br \/><strong>Prof. Dr. Edgardo R. Caride<br \/><\/strong>Profesor Titular de la C\u00e1tedra de Periodoncia de la Universidad Nacional de La Plata.<\/p><p><em>\u00bfCu\u00e1les son a su juicio, en la actualidad, los cambios m\u00e1s significativos que se presentan en el tratamiento de la enfermedad gingivoperiodontal?<\/em><\/p><p>Hemos asistido a importantes investigaciones en campos como la microbiolog\u00eda y la inmunologia. Asimismo la medicina periodontal ha ocupado nuestra atenci\u00f3n en los \u00faltimos a\u00f1os del siglo pasado, pero tal vez es en el campo de la gen\u00e9tica relacionada con la periodoncia la que nos permitir\u00e1 en un futuro cercano, evaluar las distintas variables gen\u00e9ticas y la gravedad cl\u00ednica en la enfermedad periodontal. La informaci\u00f3n gen\u00e9tica debiera facilitarnos diagnostico, tratamientos y la posibilidad de predecir una lesi\u00f3n periodontal grave o mas importante aun prevenirla.<\/p><p><em>\u00bfC\u00f3mo estos cambios fueron implementados en el programa de ense\u00f1anza, en la C\u00e1tedra que usted dirige en la Facultad de Odontolog\u00eda de la Universidad Nacional de la Plata?<\/em><\/p><p>En nuestra C\u00e1tedra de Periodoncia de la Facultad de Odontolog\u00eda de La Universidad Nacional de La Plata, disponemos solamente de dos cuatrimestres de grado para la ense\u00f1anza, por lo tanto solo en las clases te\u00f3ricas informamos al alumno sobre estos importantes cambios.<\/p><p><em>\u00bfCual es la formaci\u00f3n y el perfil del egresado de la UNLP con respecto a esta especialidad?<\/em><\/p><p>No hemos modificado nuestros comportamientos en la cl\u00ednica, como siempre hemos tratado de privilegiar el diagnostico cl\u00ednico y radiogr\u00e1fico como condici\u00f3n necesaria para ense\u00f1ar una correcta terapia b\u00e1sica y farmacol\u00f3gica. El raspaje y alisado radicular y el uso de antis\u00e9pticos y antibi\u00f3ticos, cuando fueran necesarios es nuestro mayor objetivo en el corto tiempo de ense\u00f1anza que disponemos. El mantenimiento o soporte es otro tema que se enfatiza al alumno.<\/p><p><em>\u00bfConsiderando la importancia de la Periodoncia para la salud de la poblaci\u00f3n, de que manera se puede incentivar al odont\u00f3logo joven, para interesarse en esta especialidad?<\/em><\/p><p>Creo que el egresado debe saber controlar la infecci\u00f3n gingivo-periodontal, para ello los informamos primeramente sobre los datos epidemiol\u00f3gicos nacionales que hemos obtenido en conjunto con la Sociedad Argentina de Periodoncia y la Confederaci\u00f3n Odontol\u00f3gica de la Republica Argentina los que claramente indican que mas del 80% de los pacientes afectados pueden ser tratados a trav\u00e9s de la terapia b\u00e1sica. Tambi\u00e9n pretendemos que el egresado tenga en cuenta la necesidad de relacionar la periodoncia con otras especialidades odontol\u00f3gicas tales como Pr\u00f3tesis, Endodoncia, Operatoria Dental, Ortodoncia y sobre todo informar sobre la estrecha relaci\u00f3n entre nuestra especialidad y la implantologia.<\/p><p><em>\u00bfDe qu\u00e9 manera podr\u00eda crearse mayor conciencia en la poblaci\u00f3n, respecto a la importancia que tiene la enfermedad gingivoperiodontal en la salud general del individuo?<\/em><\/p><p>Creo que el docente, debe ser el vector principal en la transmisi\u00f3n de los conceptos de la periodoncia, de el depende que el alumno sea capaz de trasmitir y aplicar esos conocimientos en la practica diaria a sus pacientes. Tambi\u00e9n la divulgaci\u00f3n masiva a trav\u00e9s de la prensa escrita, radio y televisi\u00f3n son importantes para informar a nuestra comunidad la importancia de preservar en salud y a lo largo del tiempo sus piezas dentarias.<\/p><p><em>\u00bfCu\u00e1les son las medidas de control preventivo m\u00e1s efectivas que se podr\u00edan aplicar?<\/em><\/p><p>Existen en la actualidad muy buenas medidas preventivas.<\/p><p>Creo que la Periodoncia tiene una responsabilidad en este tema, ya que debe llegar al odont\u00f3logo cl\u00ednico general para que este enfatice en sus pacientes estas exitosas medidas. Tambi\u00e9n debemos estar preparados para actualizar medidas preventivas cuando los nuevos tests de diagnostico que se est\u00e1n desarrollando as\u00ed lo indiquen.<\/p><p><em>\u00bfCu\u00e1l es su opini\u00f3n acerca de la Federaci\u00f3n Iberopanamericana de Periodoncia?<\/em><\/p><p>Debe existir una instituci\u00f3n de tipo cient\u00edfica y de consenso que represente a Espa\u00f1a y a nosotros los Latinoamericanos en un tema como el Periodontal que tanta incidencia tiene en nuestras poblaciones. Hago votos para que estos indisolubles lazos se acent\u00faen en el futuro.<\/p>\t\t\t\t\t\t<\/div>\n\t\t\t\t<\/div>\n\t\t\t\t\t<\/div>\n\t\t<\/div>\n\t\t\t\t\t<\/div>\n\t\t<\/section>\n\t\t\t\t<\/div>\n\t\t","protected":false},"excerpt":{"rendered":"<p>ENTREVISTAS Prof. Dr. Edgardo R. CarideProfesor Titular de la C\u00e1tedra de Periodoncia de la Universidad Nacional de La Plata. \u00bfCu\u00e1les son a su juicio, en la actualidad, los cambios m\u00e1s significativos que se presentan en el tratamiento de la enfermedad gingivoperiodontal? Hemos asistido a importantes investigaciones en campos como la microbiolog\u00eda y la inmunologia. Asimismo [&hellip;]<\/p>\n","protected":false},"author":1,"featured_media":0,"parent":0,"menu_order":0,"comment_status":"closed","ping_status":"closed","template":"","meta":{"footnotes":""},"class_list":["post-490","page","type-page","status-publish","hentry"],"_links":{"self":[{"href":"https:\/\/fundacioncarraro.org\/index.php?rest_route=\/wp\/v2\/pages\/490","targetHints":{"allow":["GET"]}}],"collection":[{"href":"https:\/\/fundacioncarraro.org\/index.php?rest_route=\/wp\/v2\/pages"}],"about":[{"href":"https:\/\/fundacioncarraro.org\/index.php?rest_route=\/wp\/v2\/types\/page"}],"author":[{"embeddable":true,"href":"https:\/\/fundacioncarraro.org\/index.php?rest_route=\/wp\/v2\/users\/1"}],"replies":[{"embeddable":true,"href":"https:\/\/fundacioncarraro.org\/index.php?rest_route=%2Fwp%2Fv2%2Fcomments&post=490"}],"version-history":[{"count":6,"href":"https:\/\/fundacioncarraro.org\/index.php?rest_route=\/wp\/v2\/pages\/490\/revisions"}],"predecessor-version":[{"id":1100,"href":"https:\/\/fundacioncarraro.org\/index.php?rest_route=\/wp\/v2\/pages\/490\/revisions\/1100"}],"wp:attachment":[{"href":"https:\/\/fundacioncarraro.org\/index.php?rest_route=%2Fwp%2Fv2%2Fmedia&parent=490"}],"curies":[{"name":"wp","href":"https:\/\/api.w.org\/{rel}","templated":true}]}}