{"id":514,"date":"2020-08-02T12:58:17","date_gmt":"2020-08-02T12:58:17","guid":{"rendered":"http:\/\/carraro.serverside.es\/?page_id=514"},"modified":"2020-09-28T19:10:26","modified_gmt":"2020-09-28T19:10:26","slug":"entrevista-dr-german-gallucci","status":"publish","type":"page","link":"https:\/\/fundacioncarraro.org\/?page_id=514","title":{"rendered":"Entrevista Dr. German Gallucci"},"content":{"rendered":"\t\t<div data-elementor-type=\"wp-page\" data-elementor-id=\"514\" class=\"elementor elementor-514\" data-elementor-post-type=\"page\">\n\t\t\t\t\t\t<section class=\"elementor-section elementor-top-section elementor-element elementor-element-e80812d elementor-section-boxed elementor-section-height-default elementor-section-height-default\" data-id=\"e80812d\" data-element_type=\"section\">\n\t\t\t\t\t\t<div class=\"elementor-container elementor-column-gap-default\">\n\t\t\t\t\t<div class=\"elementor-column elementor-col-100 elementor-top-column elementor-element elementor-element-a44d922\" data-id=\"a44d922\" data-element_type=\"column\">\n\t\t\t<div class=\"elementor-widget-wrap elementor-element-populated\">\n\t\t\t\t\t\t<div class=\"elementor-element elementor-element-417109b elementor-widget elementor-widget-spacer\" data-id=\"417109b\" data-element_type=\"widget\" data-widget_type=\"spacer.default\">\n\t\t\t\t<div class=\"elementor-widget-container\">\n\t\t\t\t\t<div class=\"elementor-spacer\">\n\t\t\t<div class=\"elementor-spacer-inner\"><\/div>\n\t\t<\/div>\n\t\t\t\t<\/div>\n\t\t\t\t<\/div>\n\t\t\t\t\t<\/div>\n\t\t<\/div>\n\t\t\t\t\t<\/div>\n\t\t<\/section>\n\t\t\t\t<section class=\"elementor-section elementor-top-section elementor-element elementor-element-eebe594 elementor-section-boxed elementor-section-height-default elementor-section-height-default\" data-id=\"eebe594\" data-element_type=\"section\">\n\t\t\t\t\t\t<div class=\"elementor-container elementor-column-gap-default\">\n\t\t\t\t\t<div class=\"elementor-column elementor-col-100 elementor-top-column elementor-element elementor-element-df367f2\" data-id=\"df367f2\" data-element_type=\"column\">\n\t\t\t<div class=\"elementor-widget-wrap elementor-element-populated\">\n\t\t\t\t\t\t<div class=\"elementor-element elementor-element-c4dde17 elementor-widget elementor-widget-heading\" data-id=\"c4dde17\" data-element_type=\"widget\" data-widget_type=\"heading.default\">\n\t\t\t\t<div class=\"elementor-widget-container\">\n\t\t\t<h2 class=\"elementor-heading-title elementor-size-default\">ENTREVISTAS<\/h2>\t\t<\/div>\n\t\t\t\t<\/div>\n\t\t\t\t\t<\/div>\n\t\t<\/div>\n\t\t\t\t\t<\/div>\n\t\t<\/section>\n\t\t\t\t<section class=\"elementor-section elementor-top-section elementor-element elementor-element-d6fe04d elementor-section-boxed elementor-section-height-default elementor-section-height-default\" data-id=\"d6fe04d\" data-element_type=\"section\">\n\t\t\t\t\t\t<div class=\"elementor-container elementor-column-gap-default\">\n\t\t\t\t\t<div class=\"elementor-column elementor-col-100 elementor-top-column elementor-element elementor-element-dbc3a59\" data-id=\"dbc3a59\" data-element_type=\"column\">\n\t\t\t<div class=\"elementor-widget-wrap elementor-element-populated\">\n\t\t\t\t\t\t<div class=\"elementor-element elementor-element-4853c95 elementor-widget elementor-widget-text-editor\" data-id=\"4853c95\" data-element_type=\"widget\" data-widget_type=\"text-editor.default\">\n\t\t\t\t<div class=\"elementor-widget-container\">\n\t\t\t\t\t\t\t<p><b><img decoding=\"async\" class=\"wp-image-268  alignleft\" src=\"http:\/\/fundacioncarraro.org\/wp-content\/uploads\/2020\/07\/08.png\" alt=\"\" width=\"152\" height=\"144\" \/><\/b><\/p><p><strong>Dr. German Gallucci<br \/><\/strong>Desarrolla su actividad acad\u00e9mica como Profesor Asistente en el Departamento de Odontolog\u00eda Restauradora y Materiales Dentales de la Escuela de Medicina Dental, Universidad de Harvard (Boston, USA). Desde el 2001 colabora con el departamento de Pr\u00f3tesis Fija, Esuela de Medicina dental de la Universidad de Ginebra (Suiza).<br \/>En el 2000 recibi\u00f3 una beca de estudios otorgada por Fundaci\u00f3n ITI, Basilea, Suiza.<br \/>Dr. Gallucci participa activamente en la investigaci\u00f3n cl\u00ednica en implantaci\u00f3n inmediata, en est\u00e9tica con implantes dentales y participa como principal investigador en el campo de la carga inmediata. Su trabajo ha sido publicado en revistas cient\u00edficas internacionales entre ellos la \u201cThe pick-up technique\u201d para carga inmediata.<br \/>Ademas, participa como disertante invitado en congresos internacionales donde en el 2002 recibi\u00f3 el premio al mejor caso cl\u00ednico el congreso Mundial ITI en San Diego, CA, USA. Dr. Gallucci es fellow del \u201cInternational Team for Implantology\u201d (ITI), Suiza y miembro activo de la academia de Oseointegracion (AO), USA.<\/p><p>Correo electr\u00f3nico: german_gallucci@hsdm.harvard.edu<\/p><p><em><br \/>Nos puede hacer una breve introducci\u00f3n de sus estudios acad\u00e9micos en la Argentina<\/em><\/p><p>El martes 27 de Julio 1993 pas\u00e9 el \u00faltimo examen, Cirug\u00eda Oral II, con el cual obtuve el diploma de Odont\u00f3logo en la Facultad de Odontolog\u00eda de la Universidad Nacional de Rosario. Seguidamente, tuve la suerte de participar del post-grado en Implantologia Oral de la C\u00e1tedra de Periodoncia de la Facultad de Odontolog\u00eda de la UBA. El mismo dirigido por el Prof. Dr. Jean Paul Martinet y el Prof. Dr. Carlos Alonso quienes me iniciaron en campo de la Implantologia Oral.<\/p><p><em><br \/>\u00bfCu\u00e1l fue el motivo que lo impuls\u00f3 a elegir la Escuela de Medicina Dental de la Universidad de Ginebra en Suiza? y \u00bfqu\u00e9 estudios realiz\u00f3 en ese centro acad\u00e9mico?<br \/><\/em><br \/>En el a\u00f1o 1999, junto a el Dr. Aldo Tumini y el Dr. Hugo Mattioli, asistimos al que fue nuestro primer congreso internacional. La ocasi\u00f3n fue el \u201cBone Symposium\u201d en el Kursaal Casino de la ciudad de Berna en la Suiza Alemana. Esta primera exposici\u00f3n internacional despert\u00f3 mi inter\u00e9s por una experiencia en el exterior, Suiza la candidata favorita. La preparaci\u00f3n de la solicitud a la Beca ITI llevo casi todo un a\u00f1o. Para la elecci\u00f3n estrat\u00e9gica del centro de formaci\u00f3n fue muy importante identificar primero que tipo de orientaci\u00f3n quer\u00eda darle a mi formaci\u00f3n. En aquel momento me sent\u00eda m\u00e1s confortable con la implantologia oral quir\u00fargica, pero al mismo tiempo mi experiencia prot\u00e9sica requer\u00eda de atenci\u00f3n. Para la parte quir\u00fargica hab\u00eda elegido la Univ. de Berna con el Prof. Dr. Daniel Buser, para la parte prot\u00e9sica Ginebra con el Prof. Dr. Urs Belser. A pesar de que a este punto las opciones se hab\u00edan reducido a solo dos, la decisi\u00f3n se hacia m\u00e1s dif\u00edcil. Finalmente, Ginebra fue la primera elecci\u00f3n, basada en que una formaci\u00f3n prot\u00e9sica servir\u00eda como el complemento ideal a la ya adquirida formaci\u00f3n quir\u00fargica. Segundo, el idioma Franc\u00e9s seria m\u00e1s f\u00e1cil de aprender que el Alem\u00e1n en el a\u00f1o que dura la Beca. Durante mi primer a\u00f1o en Ginebra, comenzamos con el programa de Formaci\u00f3n Continua en Pr\u00f3tesis Fija. Este programa dura tres a\u00f1os y es dirigido en persona por el Prof. Dr. Urs Belser. Al mismo tiempo hab\u00eda comenzado mi primer proyecto de investigaci\u00f3n el que me llevara mas tarde a obtener el titulo de Doctor en Medicina dental.<\/p><p><em><br \/>\u00bfDesde un primer momento comenz\u00f3 usted con la investigaci\u00f3n cl\u00ednica?<\/em><\/p><p>La investigaci\u00f3n cl\u00ednica llego casi al final de la beca ITI. El Departamento de Pr\u00f3tesis de la Univ. de Ginebra, a ese momento, comenzar\u00eda como centro sat\u00e9lite de un estudio cl\u00ednico en implantaci\u00f3n inmediata. Casi el primer a\u00f1o se hab\u00eda pasado para m\u00ed y esta investigaci\u00f3n me ofreci\u00f3 la posibilidad de permanecer por otro periodo en Suiza como coordinador de la misma. Durante el segundo a\u00f1o comenzamos con los estudios en carga inmediata en pacientes detestados, lo cual me permiti\u00f3 no solo extender mi contrato sino tambi\u00e9n descubrir mi vocaci\u00f3n por la investigaci\u00f3n y la docencia.<\/p><p><em><br \/>\u00bfCu\u00e1l es el nivel de la investigaci\u00f3n cl\u00ednica en Europa?<\/em><\/p><p>La investigaci\u00f3n cl\u00ednica en Europa es de muy buen nivel. La Medicina Dental, como se la llama en la mayor parte de Europa, dio a luz magistrales trabajos cl\u00ednicos como los del Prof. Dr. Branemark, Prof. Dr. Schroeder, Prof. Dr. Lindhe, etc.<br \/>Cuando la odontolog\u00eda se compara con los trabajos cl\u00ednicos realizados en Medicina, la diferencia es enorme. En Medicina pr\u00e1cticamente todo es validado con investigaciones cl\u00ednicas prospectivas. El las \u00faltimas, d\u00e9cadas una fuerte tendencia hacia la Odontolog\u00eda basada en la evidencia cient\u00edfica llevo a mover las l\u00edneas de investigaci\u00f3n in vitro o in vivo (animales) hacia la validaci\u00f3n cl\u00ednica del esos fundamentos. Hoy en d\u00eda, el seguimiento prospectivo de diferentes l\u00edneas de investigaci\u00f3n cl\u00ednica, con metodolog\u00edas de b\u00fasqueda bien establecidas y objetivos finales claramente formulados, son los instrumentos mas valiosos para acercar respuestas cient\u00edficamente relevantes a toda la comunidad Odontol\u00f3gica. Este es el rol fundamental e innovador que una gran parte de las Universidades adoptan para proponer tratamientos, materiales o t\u00e9cnicas que puedan ser utilizados con seguridad en la pr\u00e1ctica cotidiana.<\/p><p><br \/><em>En la actualidad usted est\u00e1 en la Universidad de Harvard, Boston, USA \u00bfcu\u00e1l fue la raz\u00f3n de este cambio? \u00bfobserva alg\u00fan cambio en la l\u00ednea de su trabajo, estudio y con qui\u00e9n est\u00e1 realizando sus investigaciones?<\/em><\/p><p>El primer motivo de mi visita a la Universidad de Harvard es un estudio cl\u00ednico que estamos realizando en conjunto con el Prof. Dr. Hans-Peter Weber. La primera mitad de esta investigaci\u00f3n que observa los resultados est\u00e9ticos con implantes dentales en la parte anterior del maxilar superior fue completada en Suiza. Ahora, la estrategia es repetir una experiencia similar en USA para luego comparar los resultados. <br \/>El segundo proyecto de investigaci\u00f3n busca identificar nuevas t\u00e9cnicas implantar\u00edas a trav\u00e9s de la bioingenier\u00eda tisular. Este proyecto se lleva a cabo en conjunto con la Dra. Pamela Yelick perteneciente al Forsyth Institute.<br \/>Sin duda alguna la evoluci\u00f3n implica cambios, o podr\u00eda decirse tambi\u00e9n en el sentido inverso que los cambios hacen a la evoluci\u00f3n. En todo caso, este avance en mi l\u00ednea de trabajo, donde se trata de mirar m\u00e1s hacia lo biol\u00f3gico, sin duda est\u00e1 sinton\u00eda con una visi\u00f3n m\u00e1s evolutiva que presenta la investigaci\u00f3n Estadounidense. Sin duda esta etapa de mi carrera ser\u00e1 decisiva para mi futuro acad\u00e9mico.<\/p><p>Con su valiosa experiencia \u00bfc\u00f3mo ve la formaci\u00f3n acad\u00e9mica de nuestros profesionales con respecto a los centros donde usted act\u00faa?<\/p><p>La formaci\u00f3n de los profesionales en Argentina considero que es excelente. Desde el punto de vista de la investigaci\u00f3n es siempre un orgullo como Argentino encontrar art\u00edculos publicados en revistas internacionales, realizados en Argentina y hecho por Argentinos. Sin dudas, a veces la restricci\u00f3n de fondos para investigaci\u00f3n no facilita las cosas. En este sentido la colaboraci\u00f3n entre las instituciones pol\u00edticas, universitarias y empresas privadas con los investigadores representa un desfio mayor. Si de una parte se considera la inversi\u00f3n en investigaci\u00f3n como una apuesta al desarrollo nacional y de la otra se garantizan la obtenci\u00f3n de resultados pertinentes, la investigaci\u00f3n en Argentina estar\u00e1 en los m\u00e1s altos niveles internacionales.<br \/>Con respecto al nivel cl\u00ednico de los profesionales, es con mucha satisfacci\u00f3n que puedo percibir, en mis visitas a la Argentina, que la capacitaci\u00f3n profesional es de actualidad y calidad. Probablemente mis cometarios sobre los profesionales Argentinos no sean completamente objetivos. Durante estos a\u00f1os afuera del pa\u00eds he tenido la oportunidad de conocer muchos colegas Argentinos, algunos se transformaron en amigos, a otros les debo mi admiraci\u00f3n.<\/p><p><em><br \/>\u00bfCu\u00e1l es su mensaje para los j\u00f3venes profesionales que comienzan a especializarse en la enfermedad Gingivoperiodontal y la Implantolog\u00eda?<\/em><\/p><p>El camino de la formaci\u00f3n profesional es extenso por no decir infinito, pero lo m\u00e1s importante el resultado final que se desea, el perfil que cada individuo busca darle a su carrera, la forma en que uno aplica los conocimientos adquiridos. Cuando empec\u00e9 mi formaci\u00f3n acad\u00e9mica algunos a\u00f1os atr\u00e1s, pensaba que mi objetivo era llegar a lo mas alto, hoy pienso que mi objetivo es desarrollar, transmitir y compartir experiencias que puedan servir de materia prima para hacer docencia. Cuando era estudiante en formaci\u00f3n a menudo me dec\u00edan \u201ctenes que ir paso a paso\u201d, pero pocas veces recib\u00ed instrucciones de cuan grande esos pasos pod\u00edan ser. Hoy con un poco mas de experiencia y la ambici\u00f3n intacta, quisiera decir a los colegas que inician a transitar el camino de la formaci\u00f3n de postgrado, que \u2018ir paso a paso\u201d es el camino correcto y que el tama\u00f1o de esos pasos depende \u00fanicamente del trabajo y la dedicaci\u00f3n que cada individuo le acorde al logro de sus objetivos.<b><\/b><\/p>\t\t\t\t\t\t<\/div>\n\t\t\t\t<\/div>\n\t\t\t\t\t<\/div>\n\t\t<\/div>\n\t\t\t\t\t<\/div>\n\t\t<\/section>\n\t\t\t\t<\/div>\n\t\t","protected":false},"excerpt":{"rendered":"<p>ENTREVISTAS Dr. German GallucciDesarrolla su actividad acad\u00e9mica como Profesor Asistente en el Departamento de Odontolog\u00eda Restauradora y Materiales Dentales de la Escuela de Medicina Dental, Universidad de Harvard (Boston, USA). Desde el 2001 colabora con el departamento de Pr\u00f3tesis Fija, Esuela de Medicina dental de la Universidad de Ginebra (Suiza).En el 2000 recibi\u00f3 una beca [&hellip;]<\/p>\n","protected":false},"author":1,"featured_media":0,"parent":0,"menu_order":0,"comment_status":"closed","ping_status":"closed","template":"","meta":{"footnotes":""},"class_list":["post-514","page","type-page","status-publish","hentry"],"_links":{"self":[{"href":"https:\/\/fundacioncarraro.org\/index.php?rest_route=\/wp\/v2\/pages\/514","targetHints":{"allow":["GET"]}}],"collection":[{"href":"https:\/\/fundacioncarraro.org\/index.php?rest_route=\/wp\/v2\/pages"}],"about":[{"href":"https:\/\/fundacioncarraro.org\/index.php?rest_route=\/wp\/v2\/types\/page"}],"author":[{"embeddable":true,"href":"https:\/\/fundacioncarraro.org\/index.php?rest_route=\/wp\/v2\/users\/1"}],"replies":[{"embeddable":true,"href":"https:\/\/fundacioncarraro.org\/index.php?rest_route=%2Fwp%2Fv2%2Fcomments&post=514"}],"version-history":[{"count":6,"href":"https:\/\/fundacioncarraro.org\/index.php?rest_route=\/wp\/v2\/pages\/514\/revisions"}],"predecessor-version":[{"id":1090,"href":"https:\/\/fundacioncarraro.org\/index.php?rest_route=\/wp\/v2\/pages\/514\/revisions\/1090"}],"wp:attachment":[{"href":"https:\/\/fundacioncarraro.org\/index.php?rest_route=%2Fwp%2Fv2%2Fmedia&parent=514"}],"curies":[{"name":"wp","href":"https:\/\/api.w.org\/{rel}","templated":true}]}}