{"id":526,"date":"2020-08-02T13:59:09","date_gmt":"2020-08-02T13:59:09","guid":{"rendered":"http:\/\/carraro.serverside.es\/?page_id=526"},"modified":"2020-09-28T19:12:07","modified_gmt":"2020-09-28T19:12:07","slug":"entrevista-dr-miguel-de-la-fuente-avila","status":"publish","type":"page","link":"https:\/\/fundacioncarraro.org\/?page_id=526","title":{"rendered":"Entrevista Dr. Miguel De la Fuente \u00c1vila"},"content":{"rendered":"\t\t<div data-elementor-type=\"wp-page\" data-elementor-id=\"526\" class=\"elementor elementor-526\" data-elementor-post-type=\"page\">\n\t\t\t\t\t\t<section class=\"elementor-section elementor-top-section elementor-element elementor-element-b6dc1b6 elementor-section-boxed elementor-section-height-default elementor-section-height-default\" data-id=\"b6dc1b6\" data-element_type=\"section\">\n\t\t\t\t\t\t<div class=\"elementor-container elementor-column-gap-default\">\n\t\t\t\t\t<div class=\"elementor-column elementor-col-100 elementor-top-column elementor-element elementor-element-f9d8b39\" data-id=\"f9d8b39\" data-element_type=\"column\">\n\t\t\t<div class=\"elementor-widget-wrap elementor-element-populated\">\n\t\t\t\t\t\t<div class=\"elementor-element elementor-element-a416818 elementor-widget elementor-widget-spacer\" data-id=\"a416818\" data-element_type=\"widget\" data-widget_type=\"spacer.default\">\n\t\t\t\t<div class=\"elementor-widget-container\">\n\t\t\t\t\t<div class=\"elementor-spacer\">\n\t\t\t<div class=\"elementor-spacer-inner\"><\/div>\n\t\t<\/div>\n\t\t\t\t<\/div>\n\t\t\t\t<\/div>\n\t\t\t\t\t<\/div>\n\t\t<\/div>\n\t\t\t\t\t<\/div>\n\t\t<\/section>\n\t\t\t\t<section class=\"elementor-section elementor-top-section elementor-element elementor-element-31d2b2f elementor-section-boxed elementor-section-height-default elementor-section-height-default\" data-id=\"31d2b2f\" data-element_type=\"section\">\n\t\t\t\t\t\t<div class=\"elementor-container elementor-column-gap-default\">\n\t\t\t\t\t<div class=\"elementor-column elementor-col-100 elementor-top-column elementor-element elementor-element-d059823\" data-id=\"d059823\" data-element_type=\"column\">\n\t\t\t<div class=\"elementor-widget-wrap elementor-element-populated\">\n\t\t\t\t\t\t<div class=\"elementor-element elementor-element-784e21d elementor-widget elementor-widget-heading\" data-id=\"784e21d\" data-element_type=\"widget\" data-widget_type=\"heading.default\">\n\t\t\t\t<div class=\"elementor-widget-container\">\n\t\t\t<h2 class=\"elementor-heading-title elementor-size-default\">ENTREVISTAS<\/h2>\t\t<\/div>\n\t\t\t\t<\/div>\n\t\t\t\t\t<\/div>\n\t\t<\/div>\n\t\t\t\t\t<\/div>\n\t\t<\/section>\n\t\t\t\t<section class=\"elementor-section elementor-top-section elementor-element elementor-element-d3f9c32 elementor-section-boxed elementor-section-height-default elementor-section-height-default\" data-id=\"d3f9c32\" data-element_type=\"section\">\n\t\t\t\t\t\t<div class=\"elementor-container elementor-column-gap-default\">\n\t\t\t\t\t<div class=\"elementor-column elementor-col-100 elementor-top-column elementor-element elementor-element-c6fcf4d\" data-id=\"c6fcf4d\" data-element_type=\"column\">\n\t\t\t<div class=\"elementor-widget-wrap elementor-element-populated\">\n\t\t\t\t\t\t<div class=\"elementor-element elementor-element-ee0f844 elementor-widget elementor-widget-text-editor\" data-id=\"ee0f844\" data-element_type=\"widget\" data-widget_type=\"text-editor.default\">\n\t\t\t\t<div class=\"elementor-widget-container\">\n\t\t\t\t\t\t\t<p><b><img decoding=\"async\" class=\"wp-image-270  alignleft\" src=\"http:\/\/fundacioncarraro.org\/wp-content\/uploads\/2020\/07\/10.png\" alt=\"\" width=\"152\" height=\"144\" \/><\/b><\/p><p><strong>Dr. Miguel De la Fuente \u00c1vila<br \/><\/strong>Breve rese\u00f1a de su curr\u00edculum actual<br \/><em>1980:<\/em> Cirujano Dentista, Universidad de Chile<br \/><em>1984 \u2013 1985:<\/em> Postgrado Periodoncia, Universidad de Chile<br \/>Actual Presidente de la Sociedad de Periodoncia de Chile desde junio del 2004<br \/>S\u00f3lo pr\u00e1ctica privada en Periodoncia e Implante<br \/><br \/><em>\u00bfCu\u00e1l es el programa que implementa la instituci\u00f3n que usted preside, para fortalecer el desarrollo de la Periodoncia en Chile?<\/em><\/p><p>La Sociedad ha desarrollado un programa para fortalecer la Periodoncia a nivel de Especialista, Odont\u00f3logo General y en la comunidad.<\/p><p>A nivel de Especialista:<\/p><p>Se cre\u00f3 la \u201cRevista Chilena de Periodoncia y Oseointegraci\u00f3n\u201d que es el \u00f3rgano de comunicaci\u00f3n cient\u00edfica para nuestros asociados.<br \/>Se dise\u00f1\u00f3 un programa cient\u00edfico para este a\u00f1o de conferencias, cursos y congresos con temas que est\u00e1n impulsando el desarrollo actual y futuro de la Periodoncia.<br \/>Para las universidades que tienen formaci\u00f3n de Postgrado en Periodoncia, se desarrollar\u00e1 anualmente un curso sobre Metodolog\u00eda de Investigaci\u00f3n y presentaci\u00f3n de l\u00edneas de trabajo, donde se premiar\u00e1n los 2 mejores proyectos.<br \/>Con el Odont\u00f3logo General queremos fortalecer la comunicaci\u00f3n y a trav\u00e9s de \u00e9l con la comunidad nacional, realizando para esto cursos de actualizaci\u00f3n que difundan los conceptos actuales sobre Epidemiolog\u00eda de la enfermedad Periodontal, diagn\u00f3stico, planificaci\u00f3n de tratamiento y repercusiones eventuales a nivel de la salud general.<\/p><p>Con la comunidad estamos abriendo ventanas de informaci\u00f3n a trav\u00e9s de nuestra p\u00e1gina Web y nuestra revista Dientes &amp; Salud. Tambi\u00e9n queremos realizar una campa\u00f1a de comunicaci\u00f3n a trav\u00e9s de medios masivos para educar en salud Periodontal.<\/p><p><em><br \/>\u00bfCu\u00e1les son las actividades planeadas para este a\u00f1o 2005?<\/em><\/p><p>Se decidi\u00f3 realizar reuniones tipo paneles en la cual se desarrollar\u00e1n los siguientes temas:<br \/>En el mes de abril \u201cMetodolog\u00eda de Investigaci\u00f3n en Periodoncia\u201d,<br \/>\u201cDiagn\u00f3stico en enfermedad Periodontal, an\u00e1lisis cr\u00edtico de la clasificaci\u00f3n de 1999 AAP\u201d.<br \/>En el mes de julio: \u201cPeriodoncia e Implantolog\u00eda Oral\u201d<br \/>En el mes de agosto 12 \u2013 13 \u2013 14 est\u00e1 el Congreso Internacional de Especialidades Odontol\u00f3gicas\u201d en la cual participa Periodoncia, Pr\u00f3tesis, Implantolog\u00eda y Endodoncia.<br \/>En el mes de octubre, los d\u00edas 28 \u2013 29, el curso sobre \u201cMetodolog\u00eda de Investigaci\u00f3n y Presentaci\u00f3n de l\u00edneas de Trabajo\u201d.<br \/>En el mes de noviembre \u201cEst\u00e9tica en Periodoncia e Implantolog\u00eda Oral\u201d.<\/p><p><br \/><em>\u00bfCu\u00e1les son, a su juicio, los cambios m\u00e1s significativos en el tratamiento de la enfermedad Gingivoperiodontal?<\/em><\/p><p>En mi opini\u00f3n, la terapia causal sigue siendo la base del tratamiento, que es el control de la infecci\u00f3n, la cual seguimos realiz\u00e1ndola con el alizado y pulido radicular, s\u00f3lo que hoy se elimina s\u00f3lo el Biofilm y el cemento contaminado, no es necesario eliminar todo el cemento, y los estudios han demostrado que son tan eficaces los instrumentos manuales como ultras\u00f3nicos. Estamos indicando con evidencia cient\u00edfica el uso de antibi\u00f3ticos como complemento a la terapia mec\u00e1nica y tambi\u00e9n utilizamos f\u00e1rmacos que modifican mecanismos de respuesta del hu\u00e9sped para evitar la destrucci\u00f3n del tejido conectivo.<\/p><p>Donde los cambios han sido mayores es en el tratamiento quir\u00fargico, hoy tenemos la cirug\u00eda regenerativa con el uso de injertos, membranas, factores de crecimiento y el principio biol\u00f3gico de oseointegraci\u00f3n que nos facilita la posibilidad de reemplazar piezas de mal pron\u00f3stico por implantes.<\/p><p>Otra \u00e1rea de la cirug\u00eda que ha tenido un gran desarrollo es la cirug\u00eda Pl\u00e1stica Periodontal. Hoy los pacientes solicitan tener los tejidos blandos Periodontales con su contorno y posici\u00f3n en relaci\u00f3n a los dientes en la mejor forma y este tipo de cirug\u00eda est\u00e1 enfrentando este desaf\u00edo.<\/p><p><br \/><em>\u00bfDe qu\u00e9 manera podr\u00eda crearse mayor conciencia en la poblaci\u00f3n, respecto de la importancia que tiene la enfermedad Gingivoperiodontal en la salud dental? \u00bfcu\u00e1les son las medidas de control preventivo?<\/em><\/p><p>Entregando informaci\u00f3n a trav\u00e9s de medios masivos, educando en salud Periodontal, transmitiendo en forma sencilla la evidencia cient\u00edfica, dando a conocer la sintomatolog\u00eda primaria y la causa de ella. Dando a conocer las implicancias a nivel de la salud general de la enfermedad Periodontal y dando a conocer las medidas preventivas a nivel comunitario.<\/p><p>La OMS en el informe t\u00e9cnico 713 menciona que actualmente el \u00fanico m\u00e9todo para combatir la enfermedad Periodontal es la eliminaci\u00f3n o disgregaci\u00f3n frecuente de la placa bacteriana, por el individuo con utensilios de higiene bucal y la eliminaci\u00f3n de los dep\u00f3sitos subgingivales por personal capacitado. Esta conducta de higiene oral debe ser aprendida en la infancia y reforzada constantemente a lo largo de la vida.<\/p><p><br \/><em>\u00bfConsiderando la importancia de la Periodoncia para la salud de la poblaci\u00f3n, de qu\u00e9 manera se puede incentivar al Odont\u00f3logo joven para interesarse en esta especialidad?<\/em><\/p><p>El inter\u00e9s debe venir primero del est\u00edmulo de las asignaturas de Periodoncia que adem\u00e1s imparten Postgrado para estimular a sus alumnos en esta especialidad.<br \/>Dar informaci\u00f3n al Odont\u00f3logo General sobre el tratamiento Periodontal ya que en la pr\u00e1ctica la mayor parte de los casos de enfermedades Periodontales iniciales y moderadas (que constituyen el 80% de los pacientes) deber\u00edan ser resuelto por estos profesionales.<br \/>Incentivarlos a entrar en la Sociedad de Periodoncia para que desde esta instituci\u00f3n conozcan la especialidad.<\/p><p><br \/><em>\u00bfCu\u00e1l es su opini\u00f3n acerca de la Federaci\u00f3n Iberopanamericana de Periodoncia (FIPP)? y \u00bfCu\u00e1l va a ser el aporte que brindar\u00e1 la Sociedad Chilena de Periodoncia?<\/em><\/p><p>Chile fue un activo protagonista en la creaci\u00f3n de la FIPP porque consideraba que los Periodoncistas panamericanos no se deb\u00edan s\u00f3lo reunir cada 3 a\u00f1os para decidir d\u00f3nde se realizar\u00eda el pr\u00f3ximo congreso. Quer\u00edamos una instituci\u00f3n que permitiera el desarrollo de la Periodoncia en esta parte del mundo y tuviera una opini\u00f3n en los foros internacionales, para esto hicimos nuestro aporte en recursos monetarios y humanos. Este \u00faltimo se resume en la persona de nuestro past President Dr. Fernando Fuentes y de nuestra Secretaria la Sra. Carola Maire, qui\u00e9nes trabajaron para que FIPP fuera una realidad y adem\u00e1s promovieron el 1\u00ba Congreso de la FIPP en Per\u00fa para que \u00e9ste tuviera \u00e9xito.<\/p><p>Hoy nuestro aporte como Sociedad es apoyar a la Directiva de FIPP para que pueda realizar su congreso y pueda concretar la creaci\u00f3n de la revista.<\/p><p><b>\u00a0<\/b><\/p>\t\t\t\t\t\t<\/div>\n\t\t\t\t<\/div>\n\t\t\t\t\t<\/div>\n\t\t<\/div>\n\t\t\t\t\t<\/div>\n\t\t<\/section>\n\t\t\t\t<\/div>\n\t\t","protected":false},"excerpt":{"rendered":"<p>ENTREVISTAS Dr. Miguel De la Fuente \u00c1vilaBreve rese\u00f1a de su curr\u00edculum actual1980: Cirujano Dentista, Universidad de Chile1984 \u2013 1985: Postgrado Periodoncia, Universidad de ChileActual Presidente de la Sociedad de Periodoncia de Chile desde junio del 2004S\u00f3lo pr\u00e1ctica privada en Periodoncia e Implante \u00bfCu\u00e1l es el programa que implementa la instituci\u00f3n que usted preside, para fortalecer [&hellip;]<\/p>\n","protected":false},"author":1,"featured_media":0,"parent":0,"menu_order":0,"comment_status":"closed","ping_status":"closed","template":"","meta":{"footnotes":""},"class_list":["post-526","page","type-page","status-publish","hentry"],"_links":{"self":[{"href":"https:\/\/fundacioncarraro.org\/index.php?rest_route=\/wp\/v2\/pages\/526","targetHints":{"allow":["GET"]}}],"collection":[{"href":"https:\/\/fundacioncarraro.org\/index.php?rest_route=\/wp\/v2\/pages"}],"about":[{"href":"https:\/\/fundacioncarraro.org\/index.php?rest_route=\/wp\/v2\/types\/page"}],"author":[{"embeddable":true,"href":"https:\/\/fundacioncarraro.org\/index.php?rest_route=\/wp\/v2\/users\/1"}],"replies":[{"embeddable":true,"href":"https:\/\/fundacioncarraro.org\/index.php?rest_route=%2Fwp%2Fv2%2Fcomments&post=526"}],"version-history":[{"count":6,"href":"https:\/\/fundacioncarraro.org\/index.php?rest_route=\/wp\/v2\/pages\/526\/revisions"}],"predecessor-version":[{"id":1092,"href":"https:\/\/fundacioncarraro.org\/index.php?rest_route=\/wp\/v2\/pages\/526\/revisions\/1092"}],"wp:attachment":[{"href":"https:\/\/fundacioncarraro.org\/index.php?rest_route=%2Fwp%2Fv2%2Fmedia&parent=526"}],"curies":[{"name":"wp","href":"https:\/\/api.w.org\/{rel}","templated":true}]}}