{"id":542,"date":"2020-08-02T14:23:35","date_gmt":"2020-08-02T14:23:35","guid":{"rendered":"http:\/\/carraro.serverside.es\/?page_id=542"},"modified":"2020-09-28T19:17:31","modified_gmt":"2020-09-28T19:17:31","slug":"entrevista-prof-dr-carlos-salle-lorier","status":"publish","type":"page","link":"https:\/\/fundacioncarraro.org\/?page_id=542","title":{"rendered":"Entrevista Prof. Dr. Carlos Salle Lorier"},"content":{"rendered":"\t\t<div data-elementor-type=\"wp-page\" data-elementor-id=\"542\" class=\"elementor elementor-542\" data-elementor-post-type=\"page\">\n\t\t\t\t\t\t<section class=\"elementor-section elementor-top-section elementor-element elementor-element-d4e0f93 elementor-section-boxed elementor-section-height-default elementor-section-height-default\" data-id=\"d4e0f93\" data-element_type=\"section\">\n\t\t\t\t\t\t<div class=\"elementor-container elementor-column-gap-default\">\n\t\t\t\t\t<div class=\"elementor-column elementor-col-100 elementor-top-column elementor-element elementor-element-e19094a\" data-id=\"e19094a\" data-element_type=\"column\">\n\t\t\t<div class=\"elementor-widget-wrap elementor-element-populated\">\n\t\t\t\t\t\t<div class=\"elementor-element elementor-element-5c40668 elementor-widget elementor-widget-spacer\" data-id=\"5c40668\" data-element_type=\"widget\" data-widget_type=\"spacer.default\">\n\t\t\t\t<div class=\"elementor-widget-container\">\n\t\t\t\t\t<div class=\"elementor-spacer\">\n\t\t\t<div class=\"elementor-spacer-inner\"><\/div>\n\t\t<\/div>\n\t\t\t\t<\/div>\n\t\t\t\t<\/div>\n\t\t\t\t\t<\/div>\n\t\t<\/div>\n\t\t\t\t\t<\/div>\n\t\t<\/section>\n\t\t\t\t<section class=\"elementor-section elementor-top-section elementor-element elementor-element-5995cad elementor-section-boxed elementor-section-height-default elementor-section-height-default\" data-id=\"5995cad\" data-element_type=\"section\">\n\t\t\t\t\t\t<div class=\"elementor-container elementor-column-gap-default\">\n\t\t\t\t\t<div class=\"elementor-column elementor-col-100 elementor-top-column elementor-element elementor-element-4a12e7e\" data-id=\"4a12e7e\" data-element_type=\"column\">\n\t\t\t<div class=\"elementor-widget-wrap elementor-element-populated\">\n\t\t\t\t\t\t<div class=\"elementor-element elementor-element-6e395df elementor-widget elementor-widget-heading\" data-id=\"6e395df\" data-element_type=\"widget\" data-widget_type=\"heading.default\">\n\t\t\t\t<div class=\"elementor-widget-container\">\n\t\t\t<h2 class=\"elementor-heading-title elementor-size-default\">ENTREVISTAS<\/h2>\t\t<\/div>\n\t\t\t\t<\/div>\n\t\t\t\t\t<\/div>\n\t\t<\/div>\n\t\t\t\t\t<\/div>\n\t\t<\/section>\n\t\t\t\t<section class=\"elementor-section elementor-top-section elementor-element elementor-element-a3175b6 elementor-section-boxed elementor-section-height-default elementor-section-height-default\" data-id=\"a3175b6\" data-element_type=\"section\">\n\t\t\t\t\t\t<div class=\"elementor-container elementor-column-gap-default\">\n\t\t\t\t\t<div class=\"elementor-column elementor-col-100 elementor-top-column elementor-element elementor-element-af38728\" data-id=\"af38728\" data-element_type=\"column\">\n\t\t\t<div class=\"elementor-widget-wrap elementor-element-populated\">\n\t\t\t\t\t\t<div class=\"elementor-element elementor-element-9423b1d elementor-widget elementor-widget-text-editor\" data-id=\"9423b1d\" data-element_type=\"widget\" data-widget_type=\"text-editor.default\">\n\t\t\t\t<div class=\"elementor-widget-container\">\n\t\t\t\t\t\t\t<p><b><img decoding=\"async\" class=\"wp-image-273  alignleft\" src=\"http:\/\/fundacioncarraro.org\/wp-content\/uploads\/2020\/07\/13.png\" alt=\"\" width=\"152\" height=\"144\" \/><\/b><\/p><p><strong>Prof. Dr. Carlos Salle Lorier<\/strong><br \/>Titular de la C\u00e1tedra de Periodoncia de la Facultad de Odontolog\u00eda de Uruguay<br \/><br \/><em>\u00bfCu\u00e1les son, a su juicio, los cambios m\u00e1s significativos que se han producido en los \u00faltimos tiempos en el tratamiento de las enfermedades gingivoperiodontales?<\/em><\/p><p>Las enfermedades periodontales, en su mayor\u00eda, son tratables, controlables y\/o curables. No obstante, una de las grandes deudas de nuestra especialidad con nuestros pacientes es la cura con defecto. Hoy en d\u00eda, el avance en los biomateriales regenerativos y la tecnolog\u00eda en funci\u00f3n de la regeneraci\u00f3n periodontal est\u00e1 siendo uno de los avances m\u00e1s significativos en estos tiempos periodontales.<\/p><p><br \/><em>\u00bfC\u00f3mo estos cambios fueron implementados en la ense\u00f1anza de Grado, en la C\u00e1tedra de Periodoncia de la Facultad de Odontolog\u00eda de Uruguay?<\/em><\/p><p>La formaci\u00f3n de recursos humanos en el \u00e1rea odontol\u00f3gica de pregrado debe estar orientada a la inserci\u00f3n del profesional en los niveles de atenci\u00f3n primaria en salud y en servicios; por lo tanto, los procedimientos regenerativos se encontrar\u00edan en el \u00e1rea de la especializaci\u00f3n postgrado. De todas formas, tales procedimientos en pregrado se dictan como contenidos te\u00f3ricos en seminarios grupales, actividades precl\u00ednicas y clases magistrales.<\/p><p><br \/><em>\u00bfCu\u00e1l es el dise\u00f1o que se adopt\u00f3 para el curso de Posgrado de Periodoncia que se dictar\u00e1 proximamente en su C\u00e1tedra?<\/em><\/p><p>En el \u00e1rea de postgrado, periodoncia dicta cursos de educaci\u00f3n permanente que comprenden: m\u00f3dulo 1 \u00e0 diagn\u00f3stico, pron\u00f3stico, plan de tratamiento y terapia b\u00e1sica (80h); m\u00f3dulo 2 \u00e0 terapia correctiva convencional (100h); m\u00f3dulo 3 \u00e0 terapia quir\u00fargica avanzada mucogingival, est\u00e9tica y regenerativa (200h). Est\u00e1 implementado para el 2005 el comienzo de carrera de especializaci\u00f3n en periodoncia, a realizarse en 3200h. Llevamos a cabo cursos de educaci\u00f3n continua, tanto en Montevideo como en el interior del pa\u00eds. Nos encontramos implementando el 1er curso de educaci\u00f3n virtual.<\/p><p><em><br \/>\u00bfConsiderando la importancia de la Periodoncia para la salud de la poblaci\u00f3n, de que manera se puede incentivar al odont\u00f3logo joven para interesarse en esta especialidad?<\/em><\/p><p>A nuestro entender, es tarea de todos los docentes hacer nuestro y de todos los d\u00edas la frase del Maestro Carraro: \u201cinvestigar y concientizar respecto a la salud de los tejidos periodontales\u201d. En segundo lugar, que las autoridades universitarias movilicen el espectro dirigencial p\u00fablico y privado de los organismos prestadores de salud bucal para que tomen conciencia y lleven a la pr\u00e1ctica el respeto de los t\u00edtulos universitarios de postgrado en el otorgamiento de fuentes de trabajo; por lo que decimos: \u201cque haga periodoncia quien sea periodoncista\u201d.<\/p><p><em>Finalmente, mi profundo agradecimiento ante la distinguida deferencia de tan prestigioso medio de difusi\u00f3n odontol\u00f3gico.<\/em><\/p><p><b>\u00a0<\/b><\/p>\t\t\t\t\t\t<\/div>\n\t\t\t\t<\/div>\n\t\t\t\t\t<\/div>\n\t\t<\/div>\n\t\t\t\t\t<\/div>\n\t\t<\/section>\n\t\t\t\t<\/div>\n\t\t","protected":false},"excerpt":{"rendered":"<p>ENTREVISTAS Prof. Dr. Carlos Salle LorierTitular de la C\u00e1tedra de Periodoncia de la Facultad de Odontolog\u00eda de Uruguay \u00bfCu\u00e1les son, a su juicio, los cambios m\u00e1s significativos que se han producido en los \u00faltimos tiempos en el tratamiento de las enfermedades gingivoperiodontales? Las enfermedades periodontales, en su mayor\u00eda, son tratables, controlables y\/o curables. No obstante, [&hellip;]<\/p>\n","protected":false},"author":1,"featured_media":0,"parent":0,"menu_order":0,"comment_status":"closed","ping_status":"closed","template":"","meta":{"footnotes":""},"class_list":["post-542","page","type-page","status-publish","hentry"],"_links":{"self":[{"href":"https:\/\/fundacioncarraro.org\/index.php?rest_route=\/wp\/v2\/pages\/542","targetHints":{"allow":["GET"]}}],"collection":[{"href":"https:\/\/fundacioncarraro.org\/index.php?rest_route=\/wp\/v2\/pages"}],"about":[{"href":"https:\/\/fundacioncarraro.org\/index.php?rest_route=\/wp\/v2\/types\/page"}],"author":[{"embeddable":true,"href":"https:\/\/fundacioncarraro.org\/index.php?rest_route=\/wp\/v2\/users\/1"}],"replies":[{"embeddable":true,"href":"https:\/\/fundacioncarraro.org\/index.php?rest_route=%2Fwp%2Fv2%2Fcomments&post=542"}],"version-history":[{"count":7,"href":"https:\/\/fundacioncarraro.org\/index.php?rest_route=\/wp\/v2\/pages\/542\/revisions"}],"predecessor-version":[{"id":1099,"href":"https:\/\/fundacioncarraro.org\/index.php?rest_route=\/wp\/v2\/pages\/542\/revisions\/1099"}],"wp:attachment":[{"href":"https:\/\/fundacioncarraro.org\/index.php?rest_route=%2Fwp%2Fv2%2Fmedia&parent=542"}],"curies":[{"name":"wp","href":"https:\/\/api.w.org\/{rel}","templated":true}]}}