{"id":91,"date":"2020-06-23T14:16:02","date_gmt":"2020-06-23T14:16:02","guid":{"rendered":"http:\/\/carraro.serverside.es\/?page_id=91"},"modified":"2020-09-28T21:42:45","modified_gmt":"2020-09-28T21:42:45","slug":"objetivos","status":"publish","type":"page","link":"https:\/\/fundacioncarraro.org\/?page_id=91","title":{"rendered":"Objetivos"},"content":{"rendered":"\t\t<div data-elementor-type=\"wp-page\" data-elementor-id=\"91\" class=\"elementor elementor-91\" data-elementor-post-type=\"page\">\n\t\t\t\t\t\t<section class=\"elementor-section elementor-top-section elementor-element elementor-element-223836e elementor-section-boxed elementor-section-height-default elementor-section-height-default\" data-id=\"223836e\" data-element_type=\"section\">\n\t\t\t\t\t\t<div class=\"elementor-container elementor-column-gap-default\">\n\t\t\t\t\t<div class=\"elementor-column elementor-col-100 elementor-top-column elementor-element elementor-element-8bac710\" data-id=\"8bac710\" data-element_type=\"column\">\n\t\t\t<div class=\"elementor-widget-wrap elementor-element-populated\">\n\t\t\t\t\t\t<div class=\"elementor-element elementor-element-84559e5 elementor-widget elementor-widget-spacer\" data-id=\"84559e5\" data-element_type=\"widget\" data-widget_type=\"spacer.default\">\n\t\t\t\t<div class=\"elementor-widget-container\">\n\t\t\t\t\t<div class=\"elementor-spacer\">\n\t\t\t<div class=\"elementor-spacer-inner\"><\/div>\n\t\t<\/div>\n\t\t\t\t<\/div>\n\t\t\t\t<\/div>\n\t\t\t\t\t<\/div>\n\t\t<\/div>\n\t\t\t\t\t<\/div>\n\t\t<\/section>\n\t\t\t\t<section class=\"elementor-section elementor-top-section elementor-element elementor-element-805c644 elementor-section-boxed elementor-section-height-default elementor-section-height-default\" data-id=\"805c644\" data-element_type=\"section\">\n\t\t\t\t\t\t<div class=\"elementor-container elementor-column-gap-default\">\n\t\t\t\t\t<div class=\"elementor-column elementor-col-100 elementor-top-column elementor-element elementor-element-5dcba35\" data-id=\"5dcba35\" data-element_type=\"column\">\n\t\t\t<div class=\"elementor-widget-wrap elementor-element-populated\">\n\t\t\t\t\t\t<div class=\"elementor-element elementor-element-04c167b elementor-widget elementor-widget-heading\" data-id=\"04c167b\" data-element_type=\"widget\" data-widget_type=\"heading.default\">\n\t\t\t\t<div class=\"elementor-widget-container\">\n\t\t\t<h2 class=\"elementor-heading-title elementor-size-default\">OBJETIVOS<\/h2>\t\t<\/div>\n\t\t\t\t<\/div>\n\t\t\t\t\t<\/div>\n\t\t<\/div>\n\t\t\t\t\t<\/div>\n\t\t<\/section>\n\t\t\t\t<section class=\"elementor-section elementor-top-section elementor-element elementor-element-16b2a369 elementor-section-boxed elementor-section-height-default elementor-section-height-default\" data-id=\"16b2a369\" data-element_type=\"section\">\n\t\t\t\t\t\t<div class=\"elementor-container elementor-column-gap-default\">\n\t\t\t\t\t<div class=\"elementor-column elementor-col-100 elementor-top-column elementor-element elementor-element-26039aad\" data-id=\"26039aad\" data-element_type=\"column\">\n\t\t\t<div class=\"elementor-widget-wrap elementor-element-populated\">\n\t\t\t\t\t\t<div class=\"elementor-element elementor-element-378758b elementor-widget elementor-widget-text-editor\" data-id=\"378758b\" data-element_type=\"widget\" data-widget_type=\"text-editor.default\">\n\t\t\t\t<div class=\"elementor-widget-container\">\n\t\t\t\t\t\t\t<p>La FUNDACI\u00d3N JUAN JOS\u00c9 CARRARO tiene como objetivo fundamental: fomentar el conocimiento en todo lo referente al desarrollo, progreso e investigaci\u00f3n de la salud de los tejidos periodontales, como parte de la salud bucal.<br \/>Este objetivo fundamental nos ha llevado indefectiblemente al camino de los objetivos particulares que son:<\/p><ol><li>Difundir y alentar la investigaci\u00f3n Periodontal. Esto est\u00e1 dirigido a cubrir las necesidades para dichas investigaciones, como as\u00ed tambi\u00e9n la formaci\u00f3n de j\u00f3venes profesionales que quieran desarrollarse en este campo.<br \/><br \/><\/li><li>Reunir el capital necesario para organizar la Investigaci\u00f3n Cient\u00edfica en las especialidades relacionadas con la Periodoncia, asegurando un nivel en sus actividades y prestaciones.<br \/><br \/><\/li><li>Organizar cursos, congresos y seminarios de la especialidad con la participaci\u00f3n de profesionales nacionales y extranjeros de reconocido prestigio y eventualmente en colaboraci\u00f3n con entidades cient\u00edficas interesadas.<br \/><br \/><\/li><li>Colaborar con instituciones cient\u00edficas oficiales y privadas en el estudio, formulaci\u00f3n e implementaci\u00f3n de las pol\u00edticas m\u00e9dicas y de las reglamentaciones que interesan a la Periodoncia.<br \/><br \/><\/li><li>Participar y organizar campa\u00f1as educativas destinadas al cuerpo odontol\u00f3gico no especializado y a la poblaci\u00f3n en general sobre aspectos preventivos de la especialidad.<\/li><\/ol>\t\t\t\t\t\t<\/div>\n\t\t\t\t<\/div>\n\t\t\t\t\t<\/div>\n\t\t<\/div>\n\t\t\t\t\t<\/div>\n\t\t<\/section>\n\t\t\t\t<\/div>\n\t\t","protected":false},"excerpt":{"rendered":"<p>OBJETIVOS La FUNDACI\u00d3N JUAN JOS\u00c9 CARRARO tiene como objetivo fundamental: fomentar el conocimiento en todo lo referente al desarrollo, progreso e investigaci\u00f3n de la salud de los tejidos periodontales, como parte de la salud bucal.Este objetivo fundamental nos ha llevado indefectiblemente al camino de los objetivos particulares que son: Difundir y alentar la investigaci\u00f3n Periodontal. [&hellip;]<\/p>\n","protected":false},"author":1,"featured_media":0,"parent":0,"menu_order":0,"comment_status":"closed","ping_status":"closed","template":"","meta":{"footnotes":""},"class_list":["post-91","page","type-page","status-publish","hentry"],"_links":{"self":[{"href":"https:\/\/fundacioncarraro.org\/index.php?rest_route=\/wp\/v2\/pages\/91","targetHints":{"allow":["GET"]}}],"collection":[{"href":"https:\/\/fundacioncarraro.org\/index.php?rest_route=\/wp\/v2\/pages"}],"about":[{"href":"https:\/\/fundacioncarraro.org\/index.php?rest_route=\/wp\/v2\/types\/page"}],"author":[{"embeddable":true,"href":"https:\/\/fundacioncarraro.org\/index.php?rest_route=\/wp\/v2\/users\/1"}],"replies":[{"embeddable":true,"href":"https:\/\/fundacioncarraro.org\/index.php?rest_route=%2Fwp%2Fv2%2Fcomments&post=91"}],"version-history":[{"count":7,"href":"https:\/\/fundacioncarraro.org\/index.php?rest_route=\/wp\/v2\/pages\/91\/revisions"}],"predecessor-version":[{"id":1146,"href":"https:\/\/fundacioncarraro.org\/index.php?rest_route=\/wp\/v2\/pages\/91\/revisions\/1146"}],"wp:attachment":[{"href":"https:\/\/fundacioncarraro.org\/index.php?rest_route=%2Fwp%2Fv2%2Fmedia&parent=91"}],"curies":[{"name":"wp","href":"https:\/\/api.w.org\/{rel}","templated":true}]}}