{"id":99,"date":"2020-06-23T14:26:03","date_gmt":"2020-06-23T14:26:03","guid":{"rendered":"http:\/\/carraro.serverside.es\/?page_id=99"},"modified":"2020-09-28T19:07:44","modified_gmt":"2020-09-28T19:07:44","slug":"comision-cientifica","status":"publish","type":"page","link":"https:\/\/fundacioncarraro.org\/?page_id=99","title":{"rendered":"Comisi\u00f3n cient\u00edfica"},"content":{"rendered":"\t\t<div data-elementor-type=\"wp-page\" data-elementor-id=\"99\" class=\"elementor elementor-99\" data-elementor-post-type=\"page\">\n\t\t\t\t\t\t<section class=\"elementor-section elementor-top-section elementor-element elementor-element-7374f75 elementor-section-boxed elementor-section-height-default elementor-section-height-default\" data-id=\"7374f75\" data-element_type=\"section\">\n\t\t\t\t\t\t<div class=\"elementor-container elementor-column-gap-default\">\n\t\t\t\t\t<div class=\"elementor-column elementor-col-100 elementor-top-column elementor-element elementor-element-d5e67e2\" data-id=\"d5e67e2\" data-element_type=\"column\">\n\t\t\t<div class=\"elementor-widget-wrap elementor-element-populated\">\n\t\t\t\t\t\t<div class=\"elementor-element elementor-element-7ad7e8d elementor-widget elementor-widget-spacer\" data-id=\"7ad7e8d\" data-element_type=\"widget\" data-widget_type=\"spacer.default\">\n\t\t\t\t<div class=\"elementor-widget-container\">\n\t\t\t\t\t<div class=\"elementor-spacer\">\n\t\t\t<div class=\"elementor-spacer-inner\"><\/div>\n\t\t<\/div>\n\t\t\t\t<\/div>\n\t\t\t\t<\/div>\n\t\t\t\t\t<\/div>\n\t\t<\/div>\n\t\t\t\t\t<\/div>\n\t\t<\/section>\n\t\t\t\t<section class=\"elementor-section elementor-top-section elementor-element elementor-element-e868774 elementor-section-boxed elementor-section-height-default elementor-section-height-default\" data-id=\"e868774\" data-element_type=\"section\">\n\t\t\t\t\t\t<div class=\"elementor-container elementor-column-gap-default\">\n\t\t\t\t\t<div class=\"elementor-column elementor-col-100 elementor-top-column elementor-element elementor-element-072f8c2\" data-id=\"072f8c2\" data-element_type=\"column\">\n\t\t\t<div class=\"elementor-widget-wrap elementor-element-populated\">\n\t\t\t\t\t\t<div class=\"elementor-element elementor-element-2b8fe78 elementor-widget elementor-widget-heading\" data-id=\"2b8fe78\" data-element_type=\"widget\" data-widget_type=\"heading.default\">\n\t\t\t\t<div class=\"elementor-widget-container\">\n\t\t\t<h2 class=\"elementor-heading-title elementor-size-default\">COMISI\u00d3N CIENT\u00cdFICA<\/h2>\t\t<\/div>\n\t\t\t\t<\/div>\n\t\t\t\t\t<\/div>\n\t\t<\/div>\n\t\t\t\t\t<\/div>\n\t\t<\/section>\n\t\t\t\t<section class=\"elementor-section elementor-top-section elementor-element elementor-element-0de2076 elementor-section-boxed elementor-section-height-default elementor-section-height-default\" data-id=\"0de2076\" data-element_type=\"section\">\n\t\t\t\t\t\t<div class=\"elementor-container elementor-column-gap-default\">\n\t\t\t\t\t<div class=\"elementor-column elementor-col-100 elementor-top-column elementor-element elementor-element-03412c3\" data-id=\"03412c3\" data-element_type=\"column\">\n\t\t\t<div class=\"elementor-widget-wrap elementor-element-populated\">\n\t\t\t\t\t\t<div class=\"elementor-element elementor-element-c3fecb4 elementor-widget elementor-widget-text-editor\" data-id=\"c3fecb4\" data-element_type=\"widget\" data-widget_type=\"text-editor.default\">\n\t\t\t\t<div class=\"elementor-widget-container\">\n\t\t\t\t\t\t\t<p><strong>Prof. Dr. Carlos Alonso<\/strong><br \/>EX Profesor Titular de Periodoncia de la F.O.U.B.A.<\/p>\n<p><strong>Prof. Dr. R\u00f3mulo L. Cabrini<\/strong><br \/>Profesor Em\u00e9rito de la Universidad de Buenos Aires<br \/>Acad\u00e9mico de la Academia Nacional de Medicina.<\/p>\n<p><strong>Prof. Dr. Ra\u00fal Caffesse<\/strong><br \/>Decano del Health Center of Houston de la Universidad de Texas.<\/p>\n<p><strong>Prof. Dr. Juan Fernando Calventi<\/strong><br \/>Profesor adjunto de la Universidad Aut\u00f3noma de Santo Domingo, Republica Dominicana.<br \/>Ex Profesor Honor\u00edfico de la 2da. C\u00e1tedra de Periodoncia de la UBA.<br \/>Miembro fundador y ex Presidente de la Asociaci\u00f3n Odontologiaza Dominicana.<br \/>Ex Director de la revista dental de la Asociaci\u00f3n Odontol\u00f3gico Dominicana.<\/p>\n<p><strong>Prof. Ferm\u00edn Carranza<\/strong><br \/>Professor and Chairman, Section of Periodontology School of Dentistry Center for the health Sciences. Member, Dental Research Center for Periodontal Disease.<br \/>University of California Los Angeles, California.<\/p>\n<p><strong>Prof. Dr. Osvaldo R. Costa<\/strong><br \/>Profesor Titular C\u00e1tedra de Periodoncia de la F.O.U.B.A.<br \/>Director de Residencias Universitarias F.O.U.B.A.<br \/>Ex Presidente de la SAP y la SAIO.<\/p>\n<p><strong>Prof. Dra. Beatriz Guglielmotti<\/strong><br \/>Decana de la Facultad de Odontolog\u00eda, Universidad de Buenos Aires.<br \/>Profesora Titular de la C\u00e1tedra de Anatom\u00eda Patol\u00f3gica de la F.O.U.B.A.<br \/>Investigadora independiente del CONICET.<\/p>\n<p><strong>Prof. Dra. Maria Itoiz<\/strong><br \/>Profesora Em\u00e9rita de la C\u00e1tedra de Anatom\u00eda Patol\u00f3gica de la F.O.U.B.A.<br \/>Secretaria de Ciencia y T\u00e9cnica de la F.O.U.B.A.<\/p>\n<p><strong>Prof. Dr. Ernesto Kolodzinsky<\/strong><br \/>Ex Profesor Adjunto de Periodoncia de la F.O.U.B.A.<br \/>Ex Presidente de la Sociedad Argentina de Periodoncia.<\/p>\n<p><strong>Prof. Dr. H\u00e9ctor Lanfranchi<\/strong><br \/>Profesor Titular de Patolog\u00eda Bucodental II Curso F.O.U.B.A.<\/p>\n<p><strong>Prof. Dr. Hugo Romanelli<\/strong><br \/>Profesor Titular de Periodoncia.<br \/>Facultad de Odontolog\u00eda Universidad Maim\u00f3nides<br \/>Ex Presidente de la SAP.<\/p>\t\t\t\t\t\t<\/div>\n\t\t\t\t<\/div>\n\t\t\t\t\t<\/div>\n\t\t<\/div>\n\t\t\t\t\t<\/div>\n\t\t<\/section>\n\t\t\t\t<\/div>\n\t\t","protected":false},"excerpt":{"rendered":"<p>COMISI\u00d3N CIENT\u00cdFICA Prof. Dr. Carlos AlonsoEX Profesor Titular de Periodoncia de la F.O.U.B.A. Prof. Dr. R\u00f3mulo L. CabriniProfesor Em\u00e9rito de la Universidad de Buenos AiresAcad\u00e9mico de la Academia Nacional de Medicina. Prof. Dr. Ra\u00fal CaffesseDecano del Health Center of Houston de la Universidad de Texas. Prof. Dr. Juan Fernando CalventiProfesor adjunto de la Universidad Aut\u00f3noma [&hellip;]<\/p>\n","protected":false},"author":1,"featured_media":0,"parent":0,"menu_order":0,"comment_status":"closed","ping_status":"closed","template":"","meta":{"footnotes":""},"class_list":["post-99","page","type-page","status-publish","hentry"],"_links":{"self":[{"href":"https:\/\/fundacioncarraro.org\/index.php?rest_route=\/wp\/v2\/pages\/99","targetHints":{"allow":["GET"]}}],"collection":[{"href":"https:\/\/fundacioncarraro.org\/index.php?rest_route=\/wp\/v2\/pages"}],"about":[{"href":"https:\/\/fundacioncarraro.org\/index.php?rest_route=\/wp\/v2\/types\/page"}],"author":[{"embeddable":true,"href":"https:\/\/fundacioncarraro.org\/index.php?rest_route=\/wp\/v2\/users\/1"}],"replies":[{"embeddable":true,"href":"https:\/\/fundacioncarraro.org\/index.php?rest_route=%2Fwp%2Fv2%2Fcomments&post=99"}],"version-history":[{"count":8,"href":"https:\/\/fundacioncarraro.org\/index.php?rest_route=\/wp\/v2\/pages\/99\/revisions"}],"predecessor-version":[{"id":1082,"href":"https:\/\/fundacioncarraro.org\/index.php?rest_route=\/wp\/v2\/pages\/99\/revisions\/1082"}],"wp:attachment":[{"href":"https:\/\/fundacioncarraro.org\/index.php?rest_route=%2Fwp%2Fv2%2Fmedia&parent=99"}],"curies":[{"name":"wp","href":"https:\/\/api.w.org\/{rel}","templated":true}]}}

Comisión científica

<div data-elementor-type="wp-page" data-elementor-id="99" class="elementor elementor-99" data-elementor-post-type="page">
						<section class="elementor-section elementor-top-section elementor-element elementor-element-7374f75 elementor-section-boxed elementor-section-height-default elementor-section-height-default" data-id="7374f75" data-element_type="section">
						<div class="elementor-container elementor-column-gap-default">
					<div class="elementor-column elementor-col-100 elementor-top-column elementor-element elementor-element-d5e67e2" data-id="d5e67e2" data-element_type="column">
			<div class="elementor-widget-wrap elementor-element-populated">
						<div class="elementor-element elementor-element-7ad7e8d elementor-widget elementor-widget-spacer" data-id="7ad7e8d" data-element_type="widget" data-widget_type="spacer.default">
				<div class="elementor-widget-container">
					<div class="elementor-spacer">
			<div class="elementor-spacer-inner"></div>
		</div>
				</div>
				</div>
					</div>
		</div>
					</div>
		</section>
				<section class="elementor-section elementor-top-section elementor-element elementor-element-e868774 elementor-section-boxed elementor-section-height-default elementor-section-height-default" data-id="e868774" data-element_type="section">
						<div class="elementor-container elementor-column-gap-default">
					<div class="elementor-column elementor-col-100 elementor-top-column elementor-element elementor-element-072f8c2" data-id="072f8c2" data-element_type="column">
			<div class="elementor-widget-wrap elementor-element-populated">
						<div class="elementor-element elementor-element-2b8fe78 elementor-widget elementor-widget-heading" data-id="2b8fe78" data-element_type="widget" data-widget_type="heading.default">
				<div class="elementor-widget-container">
			<h2 class="elementor-heading-title elementor-size-default">COMISIÓN CIENTÍFICA</h2>		</div>
				</div>
					</div>
		</div>
					</div>
		</section>
				<section class="elementor-section elementor-top-section elementor-element elementor-element-0de2076 elementor-section-boxed elementor-section-height-default elementor-section-height-default" data-id="0de2076" data-element_type="section">
						<div class="elementor-container elementor-column-gap-default">
					<div class="elementor-column elementor-col-100 elementor-top-column elementor-element elementor-element-03412c3" data-id="03412c3" data-element_type="column">
			<div class="elementor-widget-wrap elementor-element-populated">
						<div class="elementor-element elementor-element-c3fecb4 elementor-widget elementor-widget-text-editor" data-id="c3fecb4" data-element_type="widget" data-widget_type="text-editor.default">
				<div class="elementor-widget-container">
							<p><strong>Prof. Dr. Carlos Alonso</strong><br />EX Profesor Titular de Periodoncia de la F.O.U.B.A.</p>
<p><strong>Prof. Dr. Rómulo L. Cabrini</strong><br />Profesor Emérito de la Universidad de Buenos Aires<br />Académico de la Academia Nacional de Medicina.</p>
<p><strong>Prof. Dr. Raúl Caffesse</strong><br />Decano del Health Center of Houston de la Universidad de Texas.</p>
<p><strong>Prof. Dr. Juan Fernando Calventi</strong><br />Profesor adjunto de la Universidad Autónoma de Santo Domingo, Republica Dominicana.<br />Ex Profesor Honorífico de la 2da. Cátedra de Periodoncia de la UBA.<br />Miembro fundador y ex Presidente de la Asociación Odontologiaza Dominicana.<br />Ex Director de la revista dental de la Asociación Odontológico Dominicana.</p>
<p><strong>Prof. Fermín Carranza</strong><br />Professor and Chairman, Section of Periodontology School of Dentistry Center for the health Sciences. Member, Dental Research Center for Periodontal Disease.<br />University of California Los Angeles, California.</p>
<p><strong>Prof. Dr. Osvaldo R. Costa</strong><br />Profesor Titular Cátedra de Periodoncia de la F.O.U.B.A.<br />Director de Residencias Universitarias F.O.U.B.A.<br />Ex Presidente de la SAP y la SAIO.</p>
<p><strong>Prof. Dra. Beatriz Guglielmotti</strong><br />Decana de la Facultad de Odontología, Universidad de Buenos Aires.<br />Profesora Titular de la Cátedra de Anatomía Patológica de la F.O.U.B.A.<br />Investigadora independiente del CONICET.</p>
<p><strong>Prof. Dra. Maria Itoiz</strong><br />Profesora Emérita de la Cátedra de Anatomía Patológica de la F.O.U.B.A.<br />Secretaria de Ciencia y Técnica de la F.O.U.B.A.</p>
<p><strong>Prof. Dr. Ernesto Kolodzinsky</strong><br />Ex Profesor Adjunto de Periodoncia de la F.O.U.B.A.<br />Ex Presidente de la Sociedad Argentina de Periodoncia.</p>
<p><strong>Prof. Dr. Héctor Lanfranchi</strong><br />Profesor Titular de Patología Bucodental II Curso F.O.U.B.A.</p>
<p><strong>Prof. Dr. Hugo Romanelli</strong><br />Profesor Titular de Periodoncia.<br />Facultad de Odontología Universidad Maimónides<br />Ex Presidente de la SAP.</p>						</div>
				</div>
					</div>
		</div>
					</div>
		</section>
				</div>

<p>COMISIÓN CIENTÍFICA Prof. Dr. Carlos AlonsoEX Profesor Titular de Periodoncia de la F.O.U.B.A. Prof. Dr. Rómulo L. CabriniProfesor Emérito de la Universidad de Buenos AiresAcadémico de la Academia Nacional de Medicina. Prof. Dr. Raúl CaffesseDecano del Health Center of Houston de la Universidad de Texas. Prof. Dr. Juan Fernando CalventiProfesor adjunto de la Universidad Autónoma [&hellip;]</p>
